{"id":393,"date":"2023-01-19T16:49:02","date_gmt":"2023-01-19T19:49:02","guid":{"rendered":"https:\/\/lajes.ticetb.com.br\/transparente\/index\/?page_id=393"},"modified":"2025-04-25T09:27:00","modified_gmt":"2025-04-25T12:27:00","slug":"editais-diversos-2022","status":"publish","type":"page","link":"https:\/\/lajes.rn.gov.br\/transparente\/index\/editais-diversos-2022\/","title":{"rendered":"Editais Diversos 2022"},"content":{"rendered":"<div align=\"right\">|\u00a0<strong><a href=\"\/feed\" target=\"_blank\" rel=\"noopener\">XML\u2193<\/a><\/strong>\u00a0| <a href=\"https:\/\/lajes.rn.gov.br\/transparente\/index\/wp-content\/uploads\/2025\/04\/export.csv\" target=\"_blank\" rel=\"noopener\">\u00a0<strong>CSV\u2193<\/strong><\/a>\u00a0| <a href=\"?print=pdf\" target=\"_blank\" rel=\"noopener\"><strong>PDF<\/strong>\u2193<\/a>\u00a0\u00a0| <a href=\"?print=print\" target=\"_blank\" rel=\"noopener\"><strong>IMPRIMIR<\/strong>\u2193<\/a>\u00a0\u00a0|<\/div>\n<p>&nbsp;<\/p>\n<div class=\"pt-cv-wrapper\"><div class=\"pt-cv-view pt-cv-grid pt-cv-colsys\" id=\"pt-cv-view-606848elxm\"><div data-id=\"pt-cv-page-1\" class=\"pt-cv-page\" data-cvc=\"1\"><div class=\"col-md-12 col-sm-12 col-xs-12 pt-cv-content-item pt-cv-1-col\" ><div class='pt-cv-ifield'><p class=\"pt-cv-title\"><a href=\"https:\/\/lajes.rn.gov.br\/transparente\/index\/edital-no-013-2022-gp-dispoe-sobre-a-abertura-de-vagas-e-matricula-para-as-criancas-da-educacao-infantil-no-bercario-centro-de-educacao-infantil-escola-municipal-professora-lindalva-perei\/\" class=\"_self\" target=\"_self\" >EDITAL N\u00ba 013\/2022 \u2013 GP &#8211; Disp\u00f5e sobre a abertura de vagas e matr\u00edcula para as crian\u00e7as da educa\u00e7\u00e3o infantil, no ber\u00e7\u00e1rio Centro de Educa\u00e7\u00e3o Infantil\/Escola Municipal Professora Lindalva Pereira Alves, da rede municipal de ensino de Lajes\/RN e das outras provid\u00eancias,<\/a><\/p><\/div><\/div>\n<div class=\"col-md-12 col-sm-12 col-xs-12 pt-cv-content-item pt-cv-1-col\" ><div class='pt-cv-ifield'><p class=\"pt-cv-title\"><a href=\"https:\/\/lajes.rn.gov.br\/transparente\/index\/edital-no-012-2022-selecao-simplificada-de-artistas-e-escritores-que-participarao-do-flilajes-2022\/\" class=\"_self\" target=\"_self\" >EDITAL N\u00ba 012\/2022 &#8211; \u201cSele\u00e7\u00e3o simplificada de artistas e escritores que participar\u00e3o do FLILAJES 2022. \u201c<\/a><\/p><\/div><\/div>\n<div class=\"col-md-12 col-sm-12 col-xs-12 pt-cv-content-item pt-cv-1-col\" ><div class='pt-cv-ifield'><p class=\"pt-cv-title\"><a href=\"https:\/\/lajes.rn.gov.br\/transparente\/index\/edital-no-011-2022-concurso-literario-lajenses-leitores-lajenses-escritores\/\" class=\"_self\" target=\"_self\" >EDITAL N\u00ba 011\/2022 &#8211; &#8220;Concurso Liter\u00e1rio &#8216;Lajenses leitores, lajenses escritores&#8217;.&#8221;<\/a><\/p><\/div><\/div>\n<div class=\"col-md-12 col-sm-12 col-xs-12 pt-cv-content-item pt-cv-1-col\" ><div class='pt-cv-ifield'><p class=\"pt-cv-title\"><a href=\"https:\/\/lajes.rn.gov.br\/transparente\/index\/edital-de-convocacao-no-010-2022-dispoe-sobre-a-convocacao-de-candidatos-aprovados-no-concurso-publico-municipal-edital-001-2019\/\" class=\"_self\" target=\"_self\" >EDITAL DE CONVOCA\u00c7\u00c3O N\u00ba 010\/2022 &#8211; \u201cDisp\u00f5e sobre a convoca\u00e7\u00e3o de candidatos aprovados no Concurso P\u00fablico Municipal &#8211; Edital 001\/2019\u201d<\/a><\/p><\/div><\/div>\n<div class=\"col-md-12 col-sm-12 col-xs-12 pt-cv-content-item pt-cv-1-col\" ><div class='pt-cv-ifield'><p class=\"pt-cv-title\"><a href=\"https:\/\/lajes.rn.gov.br\/transparente\/index\/edital-de-convocacao-no-009-2022-dispoe-sobre-a-convocacao-de-candidatos-aprovados-no-concurso-publico-municipal-edital-001-2019\/\" class=\"_self\" target=\"_self\" >EDITAL DE CONVOCA\u00c7\u00c3O N\u00ba 009\/2022 &#8211; \u201cDisp\u00f5e sobre a convoca\u00e7\u00e3o de candidatos aprovados no Concurso P\u00fablico Municipal &#8211; Edital 001\/2019\u201d<\/a><\/p><\/div><\/div>\n<div class=\"col-md-12 col-sm-12 col-xs-12 pt-cv-content-item pt-cv-1-col\" ><div class='pt-cv-ifield'><p class=\"pt-cv-title\"><a href=\"https:\/\/lajes.rn.gov.br\/transparente\/index\/edital-no-008-2022-gp-regulamenta-o-concurso-garota-expolajes-2022\/\" class=\"_self\" target=\"_self\" >EDITAL N\u00ba 008\/2022 &#8211; GP &#8211; \u201cREGULAMENTA O CONCURSO GAROTA EXPOLAJES-2022\u201d<\/a><\/p><\/div><\/div>\n<div class=\"col-md-12 col-sm-12 col-xs-12 pt-cv-content-item pt-cv-1-col\" ><div class='pt-cv-ifield'><p class=\"pt-cv-title\"><a href=\"https:\/\/lajes.rn.gov.br\/transparente\/index\/edital-de-convocacao-no-007-2022-dispoe-sobre-a-convocacao-de-candidatos-aprovados-no-concurso-publico-municipal-edital-001-2019\/\" class=\"_self\" target=\"_self\" >EDITAL DE CONVOCA\u00c7\u00c3O N\u00ba 007\/2022 &#8211; \u201cDisp\u00f5e sobre a convoca\u00e7\u00e3o de candidatos aprovados no Concurso P\u00fablico Municipal &#8211; Edital 001\/2019\u201d<\/a><\/p><\/div><\/div>\n<div class=\"col-md-12 col-sm-12 col-xs-12 pt-cv-content-item pt-cv-1-col\" ><div class='pt-cv-ifield'><p class=\"pt-cv-title\"><a href=\"https:\/\/lajes.rn.gov.br\/transparente\/index\/edital-de-convocacao-no-006-2022-dispoe-sobre-a-convocacao-de-candidatos-aprovados-no-processo-seletivo-simplificado-edital-004-2022-e-chamada-para-assinatura-o-contrato-de-trabalho\/\" class=\"_self\" target=\"_self\" >EDITAL DE CONVOCA\u00c7\u00c3O N\u00ba 006.\/2022 &#8211; \u201cDisp\u00f5e sobre a convoca\u00e7\u00e3o de candidatos aprovados no Processo Seletivo Simplificado &#8211; Edital 004\/2022 e chamada para assinatura\u00a0o contrato de trabalho.\u201d<\/a><\/p><\/div><\/div>\n<div class=\"col-md-12 col-sm-12 col-xs-12 pt-cv-content-item pt-cv-1-col\" ><div class='pt-cv-ifield'><p class=\"pt-cv-title\"><a href=\"https:\/\/lajes.rn.gov.br\/transparente\/index\/resultado-da-analise-documental-do-processo-seletivo-simplificado-edital-005-2022-gp-e-convocacao-para-prova-escrita\/\" class=\"_self\" target=\"_self\" >RESULTADO DA AN\u00c1LISE DOCUMENTAL DO PROCESSO SELETIVO SIMPLIFICADO EDITAL 005\/2022 GP E CONVOCA\u00c7\u00c3O PARA PROVA ESCRITA:<\/a><\/p><\/div><\/div>\n<div class=\"col-md-12 col-sm-12 col-xs-12 pt-cv-content-item pt-cv-1-col\" ><div class='pt-cv-ifield'><p class=\"pt-cv-title\"><a href=\"https:\/\/lajes.rn.gov.br\/transparente\/index\/edital-de-convocacao-no-004-2022-republicado-por-incorrecao\/\" class=\"_self\" target=\"_self\" >EDITAL DE CONVOCA\u00c7\u00c3O N\u00ba 004\/2022 &#8211; REPUBLICADO POR INCORRE\u00c7\u00c3O<\/a><\/p><\/div><\/div>\n<div class=\"col-md-12 col-sm-12 col-xs-12 pt-cv-content-item pt-cv-1-col\" ><div class='pt-cv-ifield'><p class=\"pt-cv-title\"><a href=\"https:\/\/lajes.rn.gov.br\/transparente\/index\/edital-de-convocacao-no-005-2022-dispoe-sobre-a-convocacao-de-candidatos-aprovados-no-concurso-publico-municipal-edital-001-2019\/\" class=\"_self\" target=\"_self\" >EDITAL DE CONVOCA\u00c7\u00c3O N\u00ba 005\/2022 &#8211; \u201cDisp\u00f5e sobre a convoca\u00e7\u00e3o de candidatos aprovados no Concurso P\u00fablico Municipal &#8211; Edital 001\/2019\u201d<\/a><\/p><\/div><\/div>\n<div class=\"col-md-12 col-sm-12 col-xs-12 pt-cv-content-item pt-cv-1-col\" ><div class='pt-cv-ifield'><p class=\"pt-cv-title\"><a href=\"https:\/\/lajes.rn.gov.br\/transparente\/index\/edital-no-005-2022-gp\/\" class=\"_self\" target=\"_self\" >EDITAL N\u00ba 005\/2022 \u2013 GP<\/a><\/p><\/div><\/div>\n<div class=\"col-md-12 col-sm-12 col-xs-12 pt-cv-content-item pt-cv-1-col\" ><div class='pt-cv-ifield'><p class=\"pt-cv-title\"><a href=\"https:\/\/lajes.rn.gov.br\/transparente\/index\/edital-do-vi-festival-de-quadrilhas-juninas-de-lajes-2022\/\" class=\"_self\" target=\"_self\" >EDITAL DO VI FESTIVAL DE QUADRILHAS JUNINAS DE LAJES 2022<\/a><\/p><\/div><\/div>\n<div class=\"col-md-12 col-sm-12 col-xs-12 pt-cv-content-item pt-cv-1-col\" ><div class='pt-cv-ifield'><p class=\"pt-cv-title\"><a href=\"https:\/\/lajes.rn.gov.br\/transparente\/index\/edital-de-convocacao-no-003-2022-dispoe-sobre-a-convocacao-de-candidatos-aprovados-no-concurso-publico-municipal-edital-001-2019\/\" class=\"_self\" target=\"_self\" >EDITAL DE CONVOCA\u00c7\u00c3O N\u00ba 003\/2022 &#8211; \u201cDisp\u00f5e sobre a convoca\u00e7\u00e3o de candidatos aprovados no Concurso P\u00fablico Municipal &#8211; Edital 001\/2019\u201d<\/a><\/p><\/div><\/div>\n<div class=\"col-md-12 col-sm-12 col-xs-12 pt-cv-content-item pt-cv-1-col\" ><div class='pt-cv-ifield'><p class=\"pt-cv-title\"><a href=\"https:\/\/lajes.rn.gov.br\/transparente\/index\/edital-de-convocacao-no-002-2022-dispoe-sobre-a-convocacao-de-candidatos-aprovados-no-concurso-publico-municipal-edital-001-2019\/\" class=\"_self\" target=\"_self\" >EDITAL DE CONVOCA\u00c7\u00c3O N\u00ba 002\/2022 &#8211; \u201cDisp\u00f5e sobre a convoca\u00e7\u00e3o de candidatos aprovados no Concurso P\u00fablico Municipal &#8211; Edital 001\/2019\u201d<\/a><\/p><\/div><\/div><\/div><\/div>\n<div class=\" pt-cv-pagination-wrapper\"><ul class=\"pt-cv-pagination pt-cv-ajax pagination\" data-totalpages=\"2\" data-currentpage=\"1\" data-sid=\"606848elxm\" data-unid=\"\" data-isblock=\"\" data-postid=\"\"><li class=\"active\"><a href=\"#\">1<\/a><\/li>\n\t<li ><a class=\"\" href=\"https:\/\/lajes.rn.gov.br\/transparente\/index\/wp-json\/wp\/v2\/pages\/393\/?_page=2\">2<\/a><\/li>\n\t<li ><a class=\" \" href=\"https:\/\/lajes.rn.gov.br\/transparente\/index\/wp-json\/wp\/v2\/pages\/393\/?_page=2\">&rsaquo;<\/a><\/li>\n\t<\/ul><img decoding=\"async\" width=\"15\" height=\"15\" class=\"pt-cv-spinner\" alt=\"Carregando...;\" src=\"data:image\/gif;base64,R0lGODlhDwAPALMPAMrKygwMDJOTkz09PZWVla+vr3p6euTk5M7OzuXl5TMzMwAAAJmZmWZmZszMzP\/\/\/yH\/C05FVFNDQVBFMi4wAwEAAAAh+QQFCgAPACwAAAAADwAPAAAEQvDJaZaZOIcV8iQK8VRX4iTYoAwZ4iCYoAjZ4RxejhVNoT+mRGP4cyF4Pp0N98sBGIBMEMOotl6YZ3S61Bmbkm4mAgAh+QQFCgAPACwAAAAADQANAAAENPDJSRSZeA418itN8QiK8BiLITVsFiyBBIoYqnoewAD4xPw9iY4XLGYSjkQR4UAUD45DLwIAIfkEBQoADwAsAAAAAA8ACQAABC\/wyVlamTi3nSdgwFNdhEJgTJoNyoB9ISYoQmdjiZPcj7EYCAeCF1gEDo4Dz2eIAAAh+QQFCgAPACwCAAAADQANAAAEM\/DJBxiYeLKdX3IJZT1FU0iIg2RNKx3OkZVnZ98ToRD4MyiDnkAh6BkNC0MvsAj0kMpHBAAh+QQFCgAPACwGAAAACQAPAAAEMDC59KpFDll73HkAA2wVY5KgiK5b0RRoI6MuzG6EQqCDMlSGheEhUAgqgUUAFRySIgAh+QQFCgAPACwCAAIADQANAAAEM\/DJKZNLND\/kkKaHc3xk+QAMYDKsiaqmZCxGVjSFFCxB1vwy2oOgIDxuucxAMTAJFAJNBAAh+QQFCgAPACwAAAYADwAJAAAEMNAs86q1yaWwwv2Ig0jUZx3OYa4XoRAfwADXoAwfo1+CIjyFRuEho60aSNYlOPxEAAAh+QQFCgAPACwAAAIADQANAAAENPA9s4y8+IUVcqaWJ4qEQozSoAzoIyhCK2NFU2SJk0hNnyEOhKR2AzAAj4Pj4GE4W0bkJQIAOw==\" \/><div class=\"clear pt-cv-clear-pagination\"><\/div><\/div><\/div>\n","protected":false},"excerpt":{"rendered":"<p>|\u00a0XML\u2193\u00a0| \u00a0CSV\u2193\u00a0| PDF\u2193\u00a0\u00a0| IMPRIMIR\u2193\u00a0\u00a0| &nbsp;<\/p>\n","protected":false},"author":3,"featured_media":0,"parent":0,"menu_order":0,"comment_status":"closed","ping_status":"closed","template":"","meta":{"ocean_post_layout":"","ocean_both_sidebars_style":"","ocean_both_sidebars_content_width":0,"ocean_both_sidebars_sidebars_width":0,"ocean_sidebar":"0","ocean_second_sidebar":"0","ocean_disable_margins":"enable","ocean_add_body_class":"","ocean_shortcode_before_top_bar":"","ocean_shortcode_after_top_bar":"","ocean_shortcode_before_header":"","ocean_shortcode_after_header":"","ocean_has_shortcode":"","ocean_shortcode_after_title":"","ocean_shortcode_before_footer_widgets":"","ocean_shortcode_after_footer_widgets":"","ocean_shortcode_before_footer_bottom":"","ocean_shortcode_after_footer_bottom":"","ocean_display_top_bar":"default","ocean_display_header":"default","ocean_header_style":"","ocean_center_header_left_menu":"0","ocean_custom_header_template":"0","ocean_custom_logo":0,"ocean_custom_retina_logo":0,"ocean_custom_logo_max_width":0,"ocean_custom_logo_tablet_max_width":0,"ocean_custom_logo_mobile_max_width":0,"ocean_custom_logo_max_height":0,"ocean_custom_logo_tablet_max_height":0,"ocean_custom_logo_mobile_max_height":0,"ocean_header_custom_menu":"0","ocean_menu_typo_font_family":"0","ocean_menu_typo_font_subset":"","ocean_menu_typo_font_size":0,"ocean_menu_typo_font_size_tablet":0,"ocean_menu_typo_font_size_mobile":0,"ocean_menu_typo_font_size_unit":"px","ocean_menu_typo_font_weight":"","ocean_menu_typo_font_weight_tablet":"","ocean_menu_typo_font_weight_mobile":"","ocean_menu_typo_transform":"","ocean_menu_typo_transform_tablet":"","ocean_menu_typo_transform_mobile":"","ocean_menu_typo_line_height":0,"ocean_menu_typo_line_height_tablet":0,"ocean_menu_typo_line_height_mobile":0,"ocean_menu_typo_line_height_unit":"","ocean_menu_typo_spacing":0,"ocean_menu_typo_spacing_tablet":0,"ocean_menu_typo_spacing_mobile":0,"ocean_menu_typo_spacing_unit":"","ocean_menu_link_color":"","ocean_menu_link_color_hover":"","ocean_menu_link_color_active":"","ocean_menu_link_background":"","ocean_menu_link_hover_background":"","ocean_menu_link_active_background":"","ocean_menu_social_links_bg":"","ocean_menu_social_hover_links_bg":"","ocean_menu_social_links_color":"","ocean_menu_social_hover_links_color":"","ocean_disable_title":"default","ocean_disable_heading":"default","ocean_post_title":"","ocean_post_subheading":"","ocean_post_title_style":"","ocean_post_title_background_color":"","ocean_post_title_background":0,"ocean_post_title_bg_image_position":"","ocean_post_title_bg_image_attachment":"","ocean_post_title_bg_image_repeat":"","ocean_post_title_bg_image_size":"","ocean_post_title_height":0,"ocean_post_title_bg_overlay":0.5,"ocean_post_title_bg_overlay_color":"","ocean_disable_breadcrumbs":"default","ocean_breadcrumbs_color":"","ocean_breadcrumbs_separator_color":"","ocean_breadcrumbs_links_color":"","ocean_breadcrumbs_links_hover_color":"","ocean_display_footer_widgets":"default","ocean_display_footer_bottom":"default","ocean_custom_footer_template":"0","footnotes":""},"class_list":["post-393","page","type-page","status-publish","hentry","entry"],"_links":{"self":[{"href":"https:\/\/lajes.rn.gov.br\/transparente\/index\/wp-json\/wp\/v2\/pages\/393","targetHints":{"allow":["GET"]}}],"collection":[{"href":"https:\/\/lajes.rn.gov.br\/transparente\/index\/wp-json\/wp\/v2\/pages"}],"about":[{"href":"https:\/\/lajes.rn.gov.br\/transparente\/index\/wp-json\/wp\/v2\/types\/page"}],"author":[{"embeddable":true,"href":"https:\/\/lajes.rn.gov.br\/transparente\/index\/wp-json\/wp\/v2\/users\/3"}],"replies":[{"embeddable":true,"href":"https:\/\/lajes.rn.gov.br\/transparente\/index\/wp-json\/wp\/v2\/comments?post=393"}],"version-history":[{"count":4,"href":"https:\/\/lajes.rn.gov.br\/transparente\/index\/wp-json\/wp\/v2\/pages\/393\/revisions"}],"predecessor-version":[{"id":36846,"href":"https:\/\/lajes.rn.gov.br\/transparente\/index\/wp-json\/wp\/v2\/pages\/393\/revisions\/36846"}],"wp:attachment":[{"href":"https:\/\/lajes.rn.gov.br\/transparente\/index\/wp-json\/wp\/v2\/media?parent=393"}],"curies":[{"name":"wp","href":"https:\/\/api.w.org\/{rel}","templated":true}]}}