{"id":37536,"date":"2025-05-28T18:49:11","date_gmt":"2025-05-28T21:49:11","guid":{"rendered":"https:\/\/lajes.rn.gov.br\/transparente\/index\/?page_id=37536"},"modified":"2025-05-28T19:12:57","modified_gmt":"2025-05-28T22:12:57","slug":"contas-de-gestao-2024","status":"publish","type":"page","link":"https:\/\/lajes.rn.gov.br\/transparente\/index\/contas-de-gestao-2024\/","title":{"rendered":"CONTAS DE GEST\u00c3O 2024"},"content":{"rendered":"<ul>\n<li><a href=\"https:\/\/lajes.rn.gov.br\/transparente\/index\/wp-content\/uploads\/2025\/05\/CONTASdeGESTAO-Item-03-Avaliacao-do-Controle-Interno-PMLAJES-2024.pdf\">RELAT\u00d3RIO DE AVALIA\u00c7\u00c3O DE CONTROLE INTERNO<\/a><\/li>\n<li><a href=\"https:\/\/lajes.rn.gov.br\/transparente\/index\/wp-content\/uploads\/2025\/05\/25-RELACAO-DE-INQUERITOS-E-PROCESSOS-ADMINISTRATIVOS.pdf.xlsx\">RELA\u00c7\u00c3O DE INQU\u00c9RITOS E PROCESSOS ADMINISTRATIVOS<\/a><\/li>\n<li><a href=\"https:\/\/lajes.rn.gov.br\/transparente\/index\/wp-content\/uploads\/2025\/05\/ANEXO-18-CONVENIOS-E-CONGENERES-CONTAS-DE-GESTAO.xlsx\">ANEXO 18- CONV\u00caNIOS E CONG\u00caNERES CONTAS DE GEST\u00c3O<\/a><\/li>\n<li><a href=\"https:\/\/lajes.rn.gov.br\/transparente\/index\/wp-content\/uploads\/2025\/05\/ANEXO-39-CONTRATO-DE-REPASSE-MODELO-19-1-1.xlsx\">ANEXO 39 &#8211; CONTRATO DE REPASSE<\/a><\/li>\n<li><a href=\"https:\/\/lajes.rn.gov.br\/transparente\/index\/wp-content\/uploads\/2025\/05\/ITEM-01-OFICIO-lajes.pdf\">OFICIO<\/a><\/li>\n<li><a href=\"https:\/\/lajes.rn.gov.br\/transparente\/index\/wp-content\/uploads\/2025\/05\/ITEM-5-Tomada-de-Contas.xlsx\">ITEM 5 &#8211; Tomada de Contas<\/a><\/li>\n<li><a href=\"https:\/\/lajes.rn.gov.br\/transparente\/index\/wp-content\/uploads\/2025\/05\/ITEM-5A-Tomada-de-Contas-Arquivadas-Antes-da-Remessa-ao-TCE-RN-DECLARACAO-NEGATIVA.pdf\">ITEM 5A Tomada de Contas Arquivadas Antes da Remessa ao TCE-RN &#8211; DECLARACAO NEGATIVA<\/a><\/li>\n<li><a href=\"https:\/\/lajes.rn.gov.br\/transparente\/index\/wp-content\/uploads\/2025\/05\/ITEM-22-DESEMPENHO-DA-GESTAO.pdf\">ITEM 22 DESEMPENHO DA GESTAO<\/a><\/li>\n<li><a href=\"https:\/\/lajes.rn.gov.br\/transparente\/index\/wp-content\/uploads\/2025\/05\/Item-26-Divida-Ativa.xlsx\">Item 26 Divida Ativa<\/a><\/li>\n<li><a href=\"https:\/\/lajes.rn.gov.br\/transparente\/index\/wp-content\/uploads\/2025\/05\/ITEM-31-TERMO-DE-RESPONSABILIDADE.pdf\">ITEM 31 TERMO DE RESPONSABILIDADE<\/a><\/li>\n<li><a href=\"https:\/\/lajes.rn.gov.br\/transparente\/index\/wp-content\/uploads\/2025\/05\/Item_02_RESPONSAVEIS.xlsx\">Item_02_RESPONSAVEIS<\/a><\/li>\n<li><a href=\"https:\/\/lajes.rn.gov.br\/transparente\/index\/wp-content\/uploads\/2025\/05\/item_28_DEMONSTRATIVO-DE-CONCESSAO-E-PPPs-2024.xlsx\">item_28_DEMONSTRATIVO DE CONCESS\u00c3O E PPPs 2024<\/a><\/li>\n<li><a href=\"https:\/\/lajes.rn.gov.br\/transparente\/index\/wp-content\/uploads\/2025\/05\/item_38_Contrato-de-Gestao.xlsx\">item_38_Contrato de Gest\u00e3o<\/a><\/li>\n<li><a href=\"https:\/\/lajes.rn.gov.br\/transparente\/index\/wp-content\/uploads\/2025\/05\/Mensagem-n-0042024.pdf\">Mensagem n 0042024<\/a><\/li>\n<li><a href=\"https:\/\/lajes.rn.gov.br\/transparente\/index\/wp-content\/uploads\/2025\/05\/MODELO-10-SETOR-DE-LICITACAO.xlsx\">SETOR DE LICITA\u00c7\u00c3O<\/a><\/li>\n<li><a href=\"https:\/\/lajes.rn.gov.br\/transparente\/index\/wp-content\/uploads\/2025\/05\/Precatorios-Contas-de-Gestao-e-Governo.xlsx\">Precat\u00f3rios &#8211; Contas de Gest\u00e3o e Governo<\/a><\/li>\n<li><a href=\"https:\/\/lajes.rn.gov.br\/transparente\/index\/wp-content\/uploads\/2025\/05\/CGE-Item-12-Contabilista-Responsavel.pdf\">CGE &#8211; Item 12 &#8211; Contabilista Responsavel<\/a><\/li>\n<li><a href=\"https:\/\/lajes.rn.gov.br\/transparente\/index\/wp-content\/uploads\/2025\/05\/ContasBancarias_214721_18_03_2025_402.xlsx\">ContasBancarias_214721_18_03_2025_402<\/a><\/li>\n<li><a href=\"https:\/\/lajes.rn.gov.br\/transparente\/index\/wp-content\/uploads\/2025\/05\/Contratos_214851_18_03_2025_402.xlsx\">Contratos_214851_18_03_2025_402<\/a><\/li>\n<li><a href=\"https:\/\/lajes.rn.gov.br\/transparente\/index\/wp-content\/uploads\/2025\/05\/ITEM-07-CONCILIACAO-BANCARIA.pdf\">ITEM 07 CONCILIA\u00c7\u00c3O BANCARIA<\/a><\/li>\n<li><a href=\"https:\/\/lajes.rn.gov.br\/transparente\/index\/wp-content\/uploads\/2025\/05\/ITEM-29_Relacao-de-Softwares.xlsx\">ITEM 29_Rela\u00e7\u00e3o de Softwares<\/a><\/li>\n<li><a href=\"https:\/\/lajes.rn.gov.br\/transparente\/index\/wp-content\/uploads\/2025\/05\/MODELO-13-RELACAO-DAS-ATAS-DE-REGISTRO-DE-PRECOS-VIGENTES-NO-EXERCICIO-1.xls\">RELA\u00c7\u00c3O DAS ATAS DE REGISTRO DE PRE\u00c7OS VIGENTES NO EXERC\u00cdCIO (1)<\/a><\/li>\n<li><a href=\"https:\/\/lajes.rn.gov.br\/transparente\/index\/wp-content\/uploads\/2025\/05\/MODELO-22-DEMONSTRATIVO-DOS-CREDITOS-ADICIONAIS-1.xls\">DEMONSTRATIVO DOS CR\u00c9DITOS ADICIONAIS<\/a><\/li>\n<li><a href=\"https:\/\/lajes.rn.gov.br\/transparente\/index\/wp-content\/uploads\/2025\/05\/MODELO-23-RELACAO-CONSOLIDADA-DE-RESTOS-A-PAGAR-PROCESSADOS-E-NAO-PROCESSADOS-1.xls\">RELA\u00c7\u00c3O CONSOLIDADA DE RESTOS A PAGAR PROCESSADOS E N\u00c3O PROCESSADOS<\/a><\/li>\n<li><a href=\"https:\/\/lajes.rn.gov.br\/transparente\/index\/wp-content\/uploads\/2025\/05\/Modelo06BensMoveis-1.xlsx\">Bens Moveis<\/a><\/li>\n<li><a href=\"https:\/\/lajes.rn.gov.br\/transparente\/index\/wp-content\/uploads\/2025\/05\/Modelo07BensImoveis.xlsx\">Bens Imoveis<\/a><\/li>\n<li><a href=\"https:\/\/lajes.rn.gov.br\/transparente\/index\/wp-content\/uploads\/2025\/05\/Obras_220805_20_03_2025_402.xlsx\">Obras_220805_20_03_2025_402<\/a><\/li>\n<li><a href=\"https:\/\/lajes.rn.gov.br\/transparente\/index\/wp-content\/uploads\/2025\/05\/ProcessosLicitatorios_214823_18_03_2025_402.xlsx\">Processos Licitatorios_214823_18_03_2025_402<\/a><\/li>\n<li><a href=\"https:\/\/lajes.rn.gov.br\/transparente\/index\/wp-content\/uploads\/2025\/05\/Veiculos_214751_18_03_2025_402.xlsx\">Veiculos<\/a><\/li>\n<\/ul>\n","protected":false},"excerpt":{"rendered":"<p>RELAT\u00d3RIO DE AVALIA\u00c7\u00c3O DE CONTROLE INTERNO RELA\u00c7\u00c3O DE INQU\u00c9RITOS E PROCESSOS ADMINISTRATIVOS ANEXO 18- CONV\u00caNIOS E CONG\u00caNERES CONTAS DE GEST\u00c3O ANEXO 39 &#8211; CONTRATO DE REPASSE OFICIO ITEM 5 &#8211; Tomada de Contas ITEM 5A Tomada de Contas Arquivadas Antes da Remessa ao TCE-RN &#8211; DECLARACAO NEGATIVA ITEM 22 DESEMPENHO DA GESTAO Item 26 Divida [&hellip;]<\/p>\n","protected":false},"author":3,"featured_media":0,"parent":0,"menu_order":0,"comment_status":"closed","ping_status":"closed","template":"","meta":{"ocean_post_layout":"","ocean_both_sidebars_style":"","ocean_both_sidebars_content_width":0,"ocean_both_sidebars_sidebars_width":0,"ocean_sidebar":"0","ocean_second_sidebar":"0","ocean_disable_margins":"enable","ocean_add_body_class":"","ocean_shortcode_before_top_bar":"","ocean_shortcode_after_top_bar":"","ocean_shortcode_before_header":"","ocean_shortcode_after_header":"","ocean_has_shortcode":"","ocean_shortcode_after_title":"","ocean_shortcode_before_footer_widgets":"","ocean_shortcode_after_footer_widgets":"","ocean_shortcode_before_footer_bottom":"","ocean_shortcode_after_footer_bottom":"","ocean_display_top_bar":"default","ocean_display_header":"default","ocean_header_style":"","ocean_center_header_left_menu":"0","ocean_custom_header_template":"0","ocean_custom_logo":0,"ocean_custom_retina_logo":0,"ocean_custom_logo_max_width":0,"ocean_custom_logo_tablet_max_width":0,"ocean_custom_logo_mobile_max_width":0,"ocean_custom_logo_max_height":0,"ocean_custom_logo_tablet_max_height":0,"ocean_custom_logo_mobile_max_height":0,"ocean_header_custom_menu":"0","ocean_menu_typo_font_family":"0","ocean_menu_typo_font_subset":"","ocean_menu_typo_font_size":0,"ocean_menu_typo_font_size_tablet":0,"ocean_menu_typo_font_size_mobile":0,"ocean_menu_typo_font_size_unit":"px","ocean_menu_typo_font_weight":"","ocean_menu_typo_font_weight_tablet":"","ocean_menu_typo_font_weight_mobile":"","ocean_menu_typo_transform":"","ocean_menu_typo_transform_tablet":"","ocean_menu_typo_transform_mobile":"","ocean_menu_typo_line_height":0,"ocean_menu_typo_line_height_tablet":0,"ocean_menu_typo_line_height_mobile":0,"ocean_menu_typo_line_height_unit":"","ocean_menu_typo_spacing":0,"ocean_menu_typo_spacing_tablet":0,"ocean_menu_typo_spacing_mobile":0,"ocean_menu_typo_spacing_unit":"","ocean_menu_link_color":"","ocean_menu_link_color_hover":"","ocean_menu_link_color_active":"","ocean_menu_link_background":"","ocean_menu_link_hover_background":"","ocean_menu_link_active_background":"","ocean_menu_social_links_bg":"","ocean_menu_social_hover_links_bg":"","ocean_menu_social_links_color":"","ocean_menu_social_hover_links_color":"","ocean_disable_title":"default","ocean_disable_heading":"default","ocean_post_title":"","ocean_post_subheading":"","ocean_post_title_style":"","ocean_post_title_background_color":"","ocean_post_title_background":0,"ocean_post_title_bg_image_position":"","ocean_post_title_bg_image_attachment":"","ocean_post_title_bg_image_repeat":"","ocean_post_title_bg_image_size":"","ocean_post_title_height":0,"ocean_post_title_bg_overlay":0.5,"ocean_post_title_bg_overlay_color":"","ocean_disable_breadcrumbs":"default","ocean_breadcrumbs_color":"","ocean_breadcrumbs_separator_color":"","ocean_breadcrumbs_links_color":"","ocean_breadcrumbs_links_hover_color":"","ocean_display_footer_widgets":"default","ocean_display_footer_bottom":"default","ocean_custom_footer_template":"0","footnotes":""},"class_list":["post-37536","page","type-page","status-publish","hentry","entry"],"_links":{"self":[{"href":"https:\/\/lajes.rn.gov.br\/transparente\/index\/wp-json\/wp\/v2\/pages\/37536","targetHints":{"allow":["GET"]}}],"collection":[{"href":"https:\/\/lajes.rn.gov.br\/transparente\/index\/wp-json\/wp\/v2\/pages"}],"about":[{"href":"https:\/\/lajes.rn.gov.br\/transparente\/index\/wp-json\/wp\/v2\/types\/page"}],"author":[{"embeddable":true,"href":"https:\/\/lajes.rn.gov.br\/transparente\/index\/wp-json\/wp\/v2\/users\/3"}],"replies":[{"embeddable":true,"href":"https:\/\/lajes.rn.gov.br\/transparente\/index\/wp-json\/wp\/v2\/comments?post=37536"}],"version-history":[{"count":3,"href":"https:\/\/lajes.rn.gov.br\/transparente\/index\/wp-json\/wp\/v2\/pages\/37536\/revisions"}],"predecessor-version":[{"id":37568,"href":"https:\/\/lajes.rn.gov.br\/transparente\/index\/wp-json\/wp\/v2\/pages\/37536\/revisions\/37568"}],"wp:attachment":[{"href":"https:\/\/lajes.rn.gov.br\/transparente\/index\/wp-json\/wp\/v2\/media?parent=37536"}],"curies":[{"name":"wp","href":"https:\/\/api.w.org\/{rel}","templated":true}]}}

CONTAS DE GESTÃO 2024

<ul>
<li><a href="https://lajes.rn.gov.br/transparente/index/wp-content/uploads/2025/05/CONTASdeGESTAO-Item-03-Avaliacao-do-Controle-Interno-PMLAJES-2024.pdf">RELATÓRIO DE AVALIAÇÃO DE CONTROLE INTERNO</a></li>
<li><a href="https://lajes.rn.gov.br/transparente/index/wp-content/uploads/2025/05/25-RELACAO-DE-INQUERITOS-E-PROCESSOS-ADMINISTRATIVOS.pdf.xlsx">RELAÇÃO DE INQUÉRITOS E PROCESSOS ADMINISTRATIVOS</a></li>
<li><a href="https://lajes.rn.gov.br/transparente/index/wp-content/uploads/2025/05/ANEXO-18-CONVENIOS-E-CONGENERES-CONTAS-DE-GESTAO.xlsx">ANEXO 18- CONVÊNIOS E CONGÊNERES CONTAS DE GESTÃO</a></li>
<li><a href="https://lajes.rn.gov.br/transparente/index/wp-content/uploads/2025/05/ANEXO-39-CONTRATO-DE-REPASSE-MODELO-19-1-1.xlsx">ANEXO 39 &#8211; CONTRATO DE REPASSE</a></li>
<li><a href="https://lajes.rn.gov.br/transparente/index/wp-content/uploads/2025/05/ITEM-01-OFICIO-lajes.pdf">OFICIO</a></li>
<li><a href="https://lajes.rn.gov.br/transparente/index/wp-content/uploads/2025/05/ITEM-5-Tomada-de-Contas.xlsx">ITEM 5 &#8211; Tomada de Contas</a></li>
<li><a href="https://lajes.rn.gov.br/transparente/index/wp-content/uploads/2025/05/ITEM-5A-Tomada-de-Contas-Arquivadas-Antes-da-Remessa-ao-TCE-RN-DECLARACAO-NEGATIVA.pdf">ITEM 5A Tomada de Contas Arquivadas Antes da Remessa ao TCE-RN &#8211; DECLARACAO NEGATIVA</a></li>
<li><a href="https://lajes.rn.gov.br/transparente/index/wp-content/uploads/2025/05/ITEM-22-DESEMPENHO-DA-GESTAO.pdf">ITEM 22 DESEMPENHO DA GESTAO</a></li>
<li><a href="https://lajes.rn.gov.br/transparente/index/wp-content/uploads/2025/05/Item-26-Divida-Ativa.xlsx">Item 26 Divida Ativa</a></li>
<li><a href="https://lajes.rn.gov.br/transparente/index/wp-content/uploads/2025/05/ITEM-31-TERMO-DE-RESPONSABILIDADE.pdf">ITEM 31 TERMO DE RESPONSABILIDADE</a></li>
<li><a href="https://lajes.rn.gov.br/transparente/index/wp-content/uploads/2025/05/Item_02_RESPONSAVEIS.xlsx">Item_02_RESPONSAVEIS</a></li>
<li><a href="https://lajes.rn.gov.br/transparente/index/wp-content/uploads/2025/05/item_28_DEMONSTRATIVO-DE-CONCESSAO-E-PPPs-2024.xlsx">item_28_DEMONSTRATIVO DE CONCESSÃO E PPPs 2024</a></li>
<li><a href="https://lajes.rn.gov.br/transparente/index/wp-content/uploads/2025/05/item_38_Contrato-de-Gestao.xlsx">item_38_Contrato de Gestão</a></li>
<li><a href="https://lajes.rn.gov.br/transparente/index/wp-content/uploads/2025/05/Mensagem-n-0042024.pdf">Mensagem n 0042024</a></li>
<li><a href="https://lajes.rn.gov.br/transparente/index/wp-content/uploads/2025/05/MODELO-10-SETOR-DE-LICITACAO.xlsx">SETOR DE LICITAÇÃO</a></li>
<li><a href="https://lajes.rn.gov.br/transparente/index/wp-content/uploads/2025/05/Precatorios-Contas-de-Gestao-e-Governo.xlsx">Precatórios &#8211; Contas de Gestão e Governo</a></li>
<li><a href="https://lajes.rn.gov.br/transparente/index/wp-content/uploads/2025/05/CGE-Item-12-Contabilista-Responsavel.pdf">CGE &#8211; Item 12 &#8211; Contabilista Responsavel</a></li>
<li><a href="https://lajes.rn.gov.br/transparente/index/wp-content/uploads/2025/05/ContasBancarias_214721_18_03_2025_402.xlsx">ContasBancarias_214721_18_03_2025_402</a></li>
<li><a href="https://lajes.rn.gov.br/transparente/index/wp-content/uploads/2025/05/Contratos_214851_18_03_2025_402.xlsx">Contratos_214851_18_03_2025_402</a></li>
<li><a href="https://lajes.rn.gov.br/transparente/index/wp-content/uploads/2025/05/ITEM-07-CONCILIACAO-BANCARIA.pdf">ITEM 07 CONCILIAÇÃO BANCARIA</a></li>
<li><a href="https://lajes.rn.gov.br/transparente/index/wp-content/uploads/2025/05/ITEM-29_Relacao-de-Softwares.xlsx">ITEM 29_Relação de Softwares</a></li>
<li><a href="https://lajes.rn.gov.br/transparente/index/wp-content/uploads/2025/05/MODELO-13-RELACAO-DAS-ATAS-DE-REGISTRO-DE-PRECOS-VIGENTES-NO-EXERCICIO-1.xls">RELAÇÃO DAS ATAS DE REGISTRO DE PREÇOS VIGENTES NO EXERCÍCIO (1)</a></li>
<li><a href="https://lajes.rn.gov.br/transparente/index/wp-content/uploads/2025/05/MODELO-22-DEMONSTRATIVO-DOS-CREDITOS-ADICIONAIS-1.xls">DEMONSTRATIVO DOS CRÉDITOS ADICIONAIS</a></li>
<li><a href="https://lajes.rn.gov.br/transparente/index/wp-content/uploads/2025/05/MODELO-23-RELACAO-CONSOLIDADA-DE-RESTOS-A-PAGAR-PROCESSADOS-E-NAO-PROCESSADOS-1.xls">RELAÇÃO CONSOLIDADA DE RESTOS A PAGAR PROCESSADOS E NÃO PROCESSADOS</a></li>
<li><a href="https://lajes.rn.gov.br/transparente/index/wp-content/uploads/2025/05/Modelo06BensMoveis-1.xlsx">Bens Moveis</a></li>
<li><a href="https://lajes.rn.gov.br/transparente/index/wp-content/uploads/2025/05/Modelo07BensImoveis.xlsx">Bens Imoveis</a></li>
<li><a href="https://lajes.rn.gov.br/transparente/index/wp-content/uploads/2025/05/Obras_220805_20_03_2025_402.xlsx">Obras_220805_20_03_2025_402</a></li>
<li><a href="https://lajes.rn.gov.br/transparente/index/wp-content/uploads/2025/05/ProcessosLicitatorios_214823_18_03_2025_402.xlsx">Processos Licitatorios_214823_18_03_2025_402</a></li>
<li><a href="https://lajes.rn.gov.br/transparente/index/wp-content/uploads/2025/05/Veiculos_214751_18_03_2025_402.xlsx">Veiculos</a></li>
</ul>

<p>RELATÓRIO DE AVALIAÇÃO DE CONTROLE INTERNO RELAÇÃO DE INQUÉRITOS E PROCESSOS ADMINISTRATIVOS ANEXO 18- CONVÊNIOS E CONGÊNERES CONTAS DE GESTÃO ANEXO 39 &#8211; CONTRATO DE REPASSE OFICIO ITEM 5 &#8211; Tomada de Contas ITEM 5A Tomada de Contas Arquivadas Antes da Remessa ao TCE-RN &#8211; DECLARACAO NEGATIVA ITEM 22 DESEMPENHO DA GESTAO Item 26 Divida [&hellip;]</p>
