{"id":37495,"date":"2025-05-28T10:54:47","date_gmt":"2025-05-28T13:54:47","guid":{"rendered":"https:\/\/lajes.rn.gov.br\/transparente\/index\/?page_id=37495"},"modified":"2025-05-28T18:39:06","modified_gmt":"2025-05-28T21:39:06","slug":"contas-do-governo-2024","status":"publish","type":"page","link":"https:\/\/lajes.rn.gov.br\/transparente\/index\/contas-do-governo-2024\/","title":{"rendered":"Contas do Governo 2024"},"content":{"rendered":"<ul>\n<li><a href=\"https:\/\/lajes.rn.gov.br\/transparente\/index\/wp-content\/uploads\/2025\/05\/PARECER-DO-CONSELHO-SAUDE.pdf\">PARECER DO CONSELHO SA\u00daDE<\/a><\/li>\n<li><a href=\"https:\/\/lajes.rn.gov.br\/transparente\/index\/wp-content\/uploads\/2025\/05\/ANEXO15DEMONSTRAODASVARIAESPATRIMONIAIS.pdf\">ANEXO 15 DEMONSTRA\u00c7\u00c3O DAS VARIA\u00c7\u00d5ES PATRIMONIAIS<\/a><\/li>\n<li><a href=\"https:\/\/lajes.rn.gov.br\/transparente\/index\/wp-content\/uploads\/2025\/05\/ANEXO17DEMONSTRAODADVIDAFLUTUANTE.pdf\">ANEXO 17 DEMONSTRA\u00c7\u00c3O DA D\u00cdVIDA FLUTUANTE<\/a><\/li>\n<li><a href=\"https:\/\/lajes.rn.gov.br\/transparente\/index\/wp-content\/uploads\/2025\/05\/ANEXO18DEMONSTRAODOSFLUXOSDECAIXA.pdf\">ANEXO 18 &#8211; DEMONSTRA\u00c7\u00c3O DOS FLUXOS DE CAIXA<\/a><\/li>\n<li><a href=\"https:\/\/lajes.rn.gov.br\/transparente\/index\/wp-content\/uploads\/2025\/05\/ANEXO19DEMONSTRAODASMUTAESDOPATRIMNIOLQUIDO.pdf\">ANEXO 19 &#8211; DEMONSTRA\u00c7\u00c3O DAS MUTA\u00c7\u00d5ES DO PATRIM\u00d4NIO L\u00cdQUIDO<\/a><\/li>\n<li><a href=\"https:\/\/lajes.rn.gov.br\/transparente\/index\/wp-content\/uploads\/2025\/05\/Certidao-de-Leis-Complementares-e-Ordinarias-Decretos-Legislativos-e-Resolucoes-Assinada.pdf\">Certid\u00e3o de Leis Complementares e Ordin\u00e1rias, Decretos Legislativos e Resolu\u00e7\u00f5es (Assinada)<\/a><\/li>\n<li><a href=\"https:\/\/lajes.rn.gov.br\/transparente\/index\/wp-content\/uploads\/2025\/05\/CONTASdeGOVERNO-Item-39-Avaliacao-do-Controle-Interno-PMLAJES-2024.pdf\">RELAT\u00d3RIO CIRCUNSTANCIADO DE CONTROLE INTERNO SOBRE A PRESTA\u00c7\u00c3O DE CONTAS<\/a><\/li>\n<li><a href=\"https:\/\/lajes.rn.gov.br\/transparente\/index\/wp-content\/uploads\/2025\/05\/item-20-balancete-consolidado.pdf\">item 20 &#8211; balancete consolidado<\/a><\/li>\n<li><a href=\"https:\/\/lajes.rn.gov.br\/transparente\/index\/wp-content\/uploads\/2025\/05\/item-36-Declaracao-da-divida-ativa.pdf\">item 36 &#8211; Declara\u00e7\u00e3o da divida ativa<\/a><\/li>\n<li><a href=\"https:\/\/lajes.rn.gov.br\/transparente\/index\/wp-content\/uploads\/2025\/05\/ITEM-37-CONTAS-DE-GOVERNO.pdf\">ITEM 37 CONTAS DE GOVERNO<\/a><\/li>\n<li><a href=\"https:\/\/lajes.rn.gov.br\/transparente\/index\/wp-content\/uploads\/2025\/05\/ITEM-38-BOLETIM-DE-CAIXA-EM-31122024.pdf\">ITEM 38 BOLETIM DE CAIXA EM 31122024<\/a><\/li>\n<li><a href=\"https:\/\/lajes.rn.gov.br\/transparente\/index\/wp-content\/uploads\/2025\/05\/NOTASEXPLICATIVAS.pdf\">NOTAS EXPLICATIVAS<\/a><\/li>\n<li><a href=\"https:\/\/lajes.rn.gov.br\/transparente\/index\/wp-content\/uploads\/2025\/05\/Oficio-14-2025-PGM.pdf\">Of\u00edcio n\u00ba 14\/2025 \u2013 PGM<\/a><\/li>\n<li><a href=\"https:\/\/lajes.rn.gov.br\/transparente\/index\/wp-content\/uploads\/2025\/05\/Parecer-FUNDEB-2024.pdf\">Parecer FUNDEB &#8211; 2024<\/a><\/li>\n<li><a href=\"https:\/\/lajes.rn.gov.br\/transparente\/index\/wp-content\/uploads\/2025\/05\/QDD.pdf\">QDD<\/a><\/li>\n<li><a href=\"https:\/\/lajes.rn.gov.br\/transparente\/index\/wp-content\/uploads\/2025\/05\/QUADRON01DEMONSTRATIVODERESTOSAPAGARCONSOLIDADO.pdf\">QUADRO N\u00ba 01 &#8211; DEMONSTRATIVO DE RESTOS A PAGAR &#8211; CONSOLIDADO<\/a><\/li>\n<li><a href=\"https:\/\/lajes.rn.gov.br\/transparente\/index\/wp-content\/uploads\/2025\/05\/QUADRON02RELAOCONSOLIDADADERESTOSAPAGARPROCESSADOSENOPROCESSADOSNOEXERCCIOANTERIOR.pdf\">QUADRO N\u00ba 02 &#8211; RELA\u00c7\u00c3O CONSOLIDADA DE RESTOS A PAGAR PROCESSADOS E N\u00c3O PROCESSADOS NO EXERC\u00cdCIO ANTERIOR<\/a><\/li>\n<li><a href=\"https:\/\/lajes.rn.gov.br\/transparente\/index\/wp-content\/uploads\/2025\/05\/QUADRON03SALDOSBANCRIOSEM3112DOEXERCCIOANTERIOR.pdf\">QUADRO N\u00ba 03 &#8211; SALDOS BANC\u00c1RIOS EM 31\/12 DO EXERC\u00cdCIO ANTERIOR<\/a><\/li>\n<li><a href=\"https:\/\/lajes.rn.gov.br\/transparente\/index\/wp-content\/uploads\/2025\/05\/QUADRON04DEMONSTRATIVODASORIGENSEAPLICAESDERECURSOSNOCONSIGNADOSNOORAMENTO.pdf\">QUADRO N\u00ba 04 &#8211; DEMONSTRATIVO DAS ORIGENS E APLICA\u00c7\u00d5ES DE RECURSOS N\u00c3O CONSIGNADOS NO OR\u00c7AMENTO<\/a><\/li>\n<li><a href=\"https:\/\/lajes.rn.gov.br\/transparente\/index\/wp-content\/uploads\/2025\/05\/QUADRON05CRDITOSADICIONAIS.pdf\">QUADRO N\u00ba 05 \u2013 CR\u00c9DITOS ADICIONAIS<\/a><\/li>\n<li><a href=\"https:\/\/lajes.rn.gov.br\/transparente\/index\/wp-content\/uploads\/2025\/05\/QUADRON08DEMONSTRATIVODERECOLHIMENTODASCONTRIBUIESPREVIDENCIRIASAOREGIMEPRPRIODEPREVIDNCIASOCIALRPPS.pdf\">QUADRO N\u00ba 08 &#8211; DEMONSTRATIVO DE RECOLHIMENTO DAS CONTRIBUI\u00c7\u00d5ES PREVIDENCI\u00c1RIAS<\/a><\/li>\n<li><a href=\"https:\/\/lajes.rn.gov.br\/transparente\/index\/wp-content\/uploads\/2025\/05\/QUADRON09DEMONSTRATIVODERECOLHIMENTODASCONTRIBUIESPREVIDENCIRIASAOREGIMEGERALDEPREVIDNCIASOCIALRGPS.pdf\">QUADRO N\u00ba 09 &#8211; DEMONSTRATIVO DE RECOLHIMENTO DAS CONTRIBUI\u00c7\u00d5ES PREVIDENCI\u00c1RIAS<\/a><\/li>\n<li><a href=\"https:\/\/lajes.rn.gov.br\/transparente\/index\/wp-content\/uploads\/2025\/05\/ANEXO10COMPARATIVODARECEITAORADACOMAARRECADADAPORCATEGORIAECONMICANATUREZA.pdf\">ANEXO 10 &#8211; COMPARATIVO DA RECEITA OR\u00c7ADA COM A ARRECADADA\u00a0<\/a><\/li>\n<li><a href=\"https:\/\/lajes.rn.gov.br\/transparente\/index\/wp-content\/uploads\/2025\/05\/ANEXO11COMPARATIVODADESPESAAUTORIZADACOMAREALIZADAPORRGOCATEGORIAECONMICANATUREZA.pdf\">ANEXO 11 &#8211; COMPARATIVO DA DESPESA AUTORIZADA COM A REALIZADA POR \u00d3RG\u00c3O\/CATEGORIA ECON\u00d4MICA\/NATUREZA<\/a><\/li>\n<li><a href=\"https:\/\/lajes.rn.gov.br\/transparente\/index\/wp-content\/uploads\/2025\/05\/ANEXO12BALANOORAMENTRIO.pdf\">ANEXO 12 &#8211; BALAN\u00c7O OR\u00c7AMENT\u00c1RIO<\/a><\/li>\n<li><a href=\"https:\/\/lajes.rn.gov.br\/transparente\/index\/wp-content\/uploads\/2025\/05\/ANEXO13BALANOFINANCEIRO.pdf\">ANEXO 13 &#8211; BALAN\u00c7O FINANCEIRO<\/a><\/li>\n<li><a href=\"https:\/\/lajes.rn.gov.br\/transparente\/index\/wp-content\/uploads\/2025\/05\/ANEXO14BALANOPATRIMONIAL.pdf\">ANEXO 14 &#8211; BALAN\u00c7O PATRIMONIAL<\/a><\/li>\n<li><a href=\"https:\/\/lajes.rn.gov.br\/transparente\/index\/wp-content\/uploads\/2025\/05\/ANEXO16DEMONSTRAODADVIDAFUNDADAINTERNA.pdf\">ANEXO 16 &#8211; DEMONSTRA\u00c7\u00c3O DA D\u00cdVIDA FUNDADA INTERNA<\/a><\/li>\n<li><a href=\"https:\/\/lajes.rn.gov.br\/transparente\/index\/wp-content\/uploads\/2025\/05\/DEMONSTRAODADVIDAFUNDADAEXTERNA.pdf\">DEMONSTRA\u00c7\u00c3O DA D\u00cdVIDA FUNDADA EXTERNA<\/a><\/li>\n<li><a href=\"https:\/\/lajes.rn.gov.br\/transparente\/index\/wp-content\/uploads\/2025\/05\/ITEM-01-OFICIO-lajes-governo.pdf\">OFICIO<\/a><\/li>\n<\/ul>\n<p>&nbsp;<\/p>\n<p>&nbsp;<\/p>\n<p>&nbsp;<\/p>\n<p>&nbsp;<\/p>\n<p>&nbsp;<\/p>\n<p>&nbsp;<\/p>\n<p>&nbsp;<\/p>\n<p>&nbsp;<\/p>\n","protected":false},"excerpt":{"rendered":"<p>PARECER DO CONSELHO SA\u00daDE ANEXO 15 DEMONSTRA\u00c7\u00c3O DAS VARIA\u00c7\u00d5ES PATRIMONIAIS ANEXO 17 DEMONSTRA\u00c7\u00c3O DA D\u00cdVIDA FLUTUANTE ANEXO 18 &#8211; DEMONSTRA\u00c7\u00c3O DOS FLUXOS DE CAIXA ANEXO 19 &#8211; DEMONSTRA\u00c7\u00c3O DAS MUTA\u00c7\u00d5ES DO PATRIM\u00d4NIO L\u00cdQUIDO Certid\u00e3o de Leis Complementares e Ordin\u00e1rias, Decretos Legislativos e Resolu\u00e7\u00f5es (Assinada) RELAT\u00d3RIO CIRCUNSTANCIADO DE CONTROLE INTERNO SOBRE A PRESTA\u00c7\u00c3O DE CONTAS item [&hellip;]<\/p>\n","protected":false},"author":3,"featured_media":0,"parent":0,"menu_order":0,"comment_status":"closed","ping_status":"closed","template":"","meta":{"ocean_post_layout":"","ocean_both_sidebars_style":"","ocean_both_sidebars_content_width":0,"ocean_both_sidebars_sidebars_width":0,"ocean_sidebar":"0","ocean_second_sidebar":"0","ocean_disable_margins":"enable","ocean_add_body_class":"","ocean_shortcode_before_top_bar":"","ocean_shortcode_after_top_bar":"","ocean_shortcode_before_header":"","ocean_shortcode_after_header":"","ocean_has_shortcode":"","ocean_shortcode_after_title":"","ocean_shortcode_before_footer_widgets":"","ocean_shortcode_after_footer_widgets":"","ocean_shortcode_before_footer_bottom":"","ocean_shortcode_after_footer_bottom":"","ocean_display_top_bar":"default","ocean_display_header":"default","ocean_header_style":"","ocean_center_header_left_menu":"0","ocean_custom_header_template":"0","ocean_custom_logo":0,"ocean_custom_retina_logo":0,"ocean_custom_logo_max_width":0,"ocean_custom_logo_tablet_max_width":0,"ocean_custom_logo_mobile_max_width":0,"ocean_custom_logo_max_height":0,"ocean_custom_logo_tablet_max_height":0,"ocean_custom_logo_mobile_max_height":0,"ocean_header_custom_menu":"0","ocean_menu_typo_font_family":"0","ocean_menu_typo_font_subset":"","ocean_menu_typo_font_size":0,"ocean_menu_typo_font_size_tablet":0,"ocean_menu_typo_font_size_mobile":0,"ocean_menu_typo_font_size_unit":"px","ocean_menu_typo_font_weight":"","ocean_menu_typo_font_weight_tablet":"","ocean_menu_typo_font_weight_mobile":"","ocean_menu_typo_transform":"","ocean_menu_typo_transform_tablet":"","ocean_menu_typo_transform_mobile":"","ocean_menu_typo_line_height":0,"ocean_menu_typo_line_height_tablet":0,"ocean_menu_typo_line_height_mobile":0,"ocean_menu_typo_line_height_unit":"","ocean_menu_typo_spacing":0,"ocean_menu_typo_spacing_tablet":0,"ocean_menu_typo_spacing_mobile":0,"ocean_menu_typo_spacing_unit":"","ocean_menu_link_color":"","ocean_menu_link_color_hover":"","ocean_menu_link_color_active":"","ocean_menu_link_background":"","ocean_menu_link_hover_background":"","ocean_menu_link_active_background":"","ocean_menu_social_links_bg":"","ocean_menu_social_hover_links_bg":"","ocean_menu_social_links_color":"","ocean_menu_social_hover_links_color":"","ocean_disable_title":"default","ocean_disable_heading":"default","ocean_post_title":"","ocean_post_subheading":"","ocean_post_title_style":"","ocean_post_title_background_color":"","ocean_post_title_background":0,"ocean_post_title_bg_image_position":"","ocean_post_title_bg_image_attachment":"","ocean_post_title_bg_image_repeat":"","ocean_post_title_bg_image_size":"","ocean_post_title_height":0,"ocean_post_title_bg_overlay":0.5,"ocean_post_title_bg_overlay_color":"","ocean_disable_breadcrumbs":"default","ocean_breadcrumbs_color":"","ocean_breadcrumbs_separator_color":"","ocean_breadcrumbs_links_color":"","ocean_breadcrumbs_links_hover_color":"","ocean_display_footer_widgets":"default","ocean_display_footer_bottom":"default","ocean_custom_footer_template":"0","footnotes":""},"class_list":["post-37495","page","type-page","status-publish","hentry","entry"],"_links":{"self":[{"href":"https:\/\/lajes.rn.gov.br\/transparente\/index\/wp-json\/wp\/v2\/pages\/37495","targetHints":{"allow":["GET"]}}],"collection":[{"href":"https:\/\/lajes.rn.gov.br\/transparente\/index\/wp-json\/wp\/v2\/pages"}],"about":[{"href":"https:\/\/lajes.rn.gov.br\/transparente\/index\/wp-json\/wp\/v2\/types\/page"}],"author":[{"embeddable":true,"href":"https:\/\/lajes.rn.gov.br\/transparente\/index\/wp-json\/wp\/v2\/users\/3"}],"replies":[{"embeddable":true,"href":"https:\/\/lajes.rn.gov.br\/transparente\/index\/wp-json\/wp\/v2\/comments?post=37495"}],"version-history":[{"count":6,"href":"https:\/\/lajes.rn.gov.br\/transparente\/index\/wp-json\/wp\/v2\/pages\/37495\/revisions"}],"predecessor-version":[{"id":37532,"href":"https:\/\/lajes.rn.gov.br\/transparente\/index\/wp-json\/wp\/v2\/pages\/37495\/revisions\/37532"}],"wp:attachment":[{"href":"https:\/\/lajes.rn.gov.br\/transparente\/index\/wp-json\/wp\/v2\/media?parent=37495"}],"curies":[{"name":"wp","href":"https:\/\/api.w.org\/{rel}","templated":true}]}}