{"id":370,"date":"2023-01-19T16:26:34","date_gmt":"2023-01-19T19:26:34","guid":{"rendered":"https:\/\/lajes.ticetb.com.br\/transparente\/index\/?page_id=370"},"modified":"2025-04-25T09:33:47","modified_gmt":"2025-04-25T12:33:47","slug":"leis-municipais-2016","status":"publish","type":"page","link":"https:\/\/lajes.rn.gov.br\/transparente\/index\/leis-municipais-2016\/","title":{"rendered":"Leis Municipais 2016"},"content":{"rendered":"<div align=\"right\">|\u00a0<strong><a href=\"\/feed\" target=\"_blank\" rel=\"noopener\">XML\u2193<\/a><\/strong>\u00a0| <a href=\"https:\/\/lajes.rn.gov.br\/transparente\/index\/wp-content\/uploads\/2025\/04\/export.csv\" target=\"_blank\" rel=\"noopener\">\u00a0<strong>CSV\u2193<\/strong><\/a>\u00a0| <a href=\"?print=pdf\" target=\"_blank\" rel=\"noopener\"><strong>PDF<\/strong>\u2193<\/a>\u00a0\u00a0| <a href=\"?print=print\" target=\"_blank\" rel=\"noopener\"><strong>IMPRIMIR<\/strong>\u2193<\/a>\u00a0\u00a0|<\/div>\n<p>&nbsp;<\/p>\n<div class=\"pt-cv-wrapper\"><div class=\"pt-cv-view pt-cv-grid pt-cv-colsys\" id=\"pt-cv-view-f9e6fb30b8\"><div data-id=\"pt-cv-page-1\" class=\"pt-cv-page\" data-cvc=\"1\"><div class=\"col-md-12 col-sm-12 col-xs-12 pt-cv-content-item pt-cv-1-col\" ><div class='pt-cv-ifield'><p class=\"pt-cv-title\"><a href=\"https:\/\/lajes.rn.gov.br\/transparente\/index\/lei-n-748-2016-estima-a-receita-e-fixa-a-despesa-do-municipio-de-lajes-estado-do-rio-grande-do-norte-para-o-exercicio-financeiro-de-2017\/\" class=\"_self\" target=\"_self\" >LEI N\u00b0 748\/2016 &#8211; ESTIMA A RECEITA E FIXA A DESPESA DO MUNIC\u00cdPIO DE LAJES, ESTADO DO RIO GRANDE DO NORTE, PARA O EXERC\u00cdCIO FINANCEIRO DE 2017.<\/a><\/p><\/div><\/div>\n<div class=\"col-md-12 col-sm-12 col-xs-12 pt-cv-content-item pt-cv-1-col\" ><div class='pt-cv-ifield'><p class=\"pt-cv-title\"><a href=\"https:\/\/lajes.rn.gov.br\/transparente\/index\/lei-complementar-no-747-2016-dispoe-sobre-a-criacao-do-departamento-municipal-de-transito-e-transporte-rodoviario-da-junta-administrativa-de-recursos-de-infracao-jari-e-da-outras-providen\/\" class=\"_self\" target=\"_self\" >LEI COMPLEMENTAR N\u00ba 747\/2016 &#8211; Disp\u00f5e sobre a cria\u00e7\u00e3o do Departamento Municipal de Transito e Transporte Rodovi\u00e1rio, da Junta Administrativa de Recursos de Infra\u00e7\u00e3o \u2013 JARI e d\u00e1 outras provid\u00eancias.<\/a><\/p><\/div><\/div>\n<div class=\"col-md-12 col-sm-12 col-xs-12 pt-cv-content-item pt-cv-1-col\" ><div class='pt-cv-ifield'><p class=\"pt-cv-title\"><a href=\"https:\/\/lajes.rn.gov.br\/transparente\/index\/lei-no-746-2016-denominacao-de-logradouro-publico-localizado-na-rua-mariana-gomes-e-da-outras-providencias\/\" class=\"_self\" target=\"_self\" >LEI N\u00ba 746\/2016 &#8211; Denomina\u00e7\u00e3o de Logradouro P\u00fablico localizado na Rua Mariana Gomes, e d\u00e1 Outras Provid\u00eancias.<\/a><\/p><\/div><\/div>\n<div class=\"col-md-12 col-sm-12 col-xs-12 pt-cv-content-item pt-cv-1-col\" ><div class='pt-cv-ifield'><p class=\"pt-cv-title\"><a href=\"https:\/\/lajes.rn.gov.br\/transparente\/index\/lei-no-745-2016-denominacao-de-logradouro-publico-localizado-na-rua-jose-reinaldo-da-silva-e-da-outras-providencias\/\" class=\"_self\" target=\"_self\" >LEI N\u00ba 745\/2016 &#8211; Denomina\u00e7\u00e3o de Logradouro P\u00fablico localizado na Rua Jos\u00e9 Reinaldo da Silva, e d\u00e1 Outras Provid\u00eancias.<\/a><\/p><\/div><\/div>\n<div class=\"col-md-12 col-sm-12 col-xs-12 pt-cv-content-item pt-cv-1-col\" ><div class='pt-cv-ifield'><p class=\"pt-cv-title\"><a href=\"https:\/\/lajes.rn.gov.br\/transparente\/index\/lei-no-744-2016-altera-o-artigo-8o-da-lei-no-702-2015-de-28-12-2015-e-da-outras-providencias\/\" class=\"_self\" target=\"_self\" >LEI N\u00ba 744\/2016 &#8211; Altera o Artigo 8\u00ba da Lei n\u00ba 702\/2015, de 28\/12\/2015 e d\u00e1 outras provid\u00eancias.<\/a><\/p><\/div><\/div>\n<div class=\"col-md-12 col-sm-12 col-xs-12 pt-cv-content-item pt-cv-1-col\" ><div class='pt-cv-ifield'><p class=\"pt-cv-title\"><a href=\"https:\/\/lajes.rn.gov.br\/transparente\/index\/lei-no-743-2016-altera-o-artigo-81-da-lei-complementar-n-03-2014-para-estabelecer-outros-requisitos-legais-para-isencao-da-contribuicao-para-o-custeio-do-servico-de-iluminacao-publica\/\" class=\"_self\" target=\"_self\" >LEI N\u00ba 743\/2016 &#8211; Altera o artigo 81 da Lei Complementar n\u00b0 03\/2014 para estabelecer outros requisitos legais para isen\u00e7\u00e3o da Contribui\u00e7\u00e3o para o Custeio do Servi\u00e7o de Ilumina\u00e7\u00e3o P\u00fablica.<\/a><\/p><\/div><\/div>\n<div class=\"col-md-12 col-sm-12 col-xs-12 pt-cv-content-item pt-cv-1-col\" ><div class='pt-cv-ifield'><p class=\"pt-cv-title\"><a href=\"https:\/\/lajes.rn.gov.br\/transparente\/index\/lei-no-742-2016-altera-o-artigo-1o-da-lei-no-741-2016-de-12-08-2016-e-da-outras-providencias\/\" class=\"_self\" target=\"_self\" >LEI N\u00ba 742\/2016 &#8211; Altera o Artigo 1\u00ba da Lei n\u00ba 741\/2016, de 12\/08\/2016 e d\u00e1 outras provid\u00eancias.<\/a><\/p><\/div><\/div><\/div><\/div><\/div>\n<p>&nbsp;<\/p>\n<p>&nbsp;<\/p>\n<p>&nbsp;<\/p>\n<p>&nbsp;<\/p>\n<p>&nbsp;<\/p>\n<p>&nbsp;<\/p>\n<p>&nbsp;<\/p>\n<p>&nbsp;<\/p>\n<p>&nbsp;<\/p>\n<p>&nbsp;<\/p>\n<p>&nbsp;<\/p>\n<p>&nbsp;<\/p>\n<p>&nbsp;<\/p>\n<p>&nbsp;<\/p>\n<p>&nbsp;<\/p>\n<p>&nbsp;<\/p>\n<p>&nbsp;<\/p>\n<p>&nbsp;<\/p>\n<p>&nbsp;<\/p>\n<p>&nbsp;<\/p>\n<p>&nbsp;<\/p>\n<p>&nbsp;<\/p>\n<p>&nbsp;<\/p>\n<p>&nbsp;<\/p>\n","protected":false},"excerpt":{"rendered":"<p>|\u00a0XML\u2193\u00a0| \u00a0CSV\u2193\u00a0| PDF\u2193\u00a0\u00a0| IMPRIMIR\u2193\u00a0\u00a0| &nbsp; &nbsp; &nbsp; &nbsp; &nbsp; &nbsp; &nbsp; &nbsp; &nbsp; &nbsp; &nbsp; &nbsp; &nbsp; &nbsp; &nbsp; &nbsp; &nbsp; &nbsp; &nbsp; &nbsp; &nbsp; &nbsp; &nbsp; &nbsp; &nbsp;<\/p>\n","protected":false},"author":3,"featured_media":0,"parent":0,"menu_order":0,"comment_status":"closed","ping_status":"closed","template":"","meta":{"ocean_post_layout":"","ocean_both_sidebars_style":"","ocean_both_sidebars_content_width":0,"ocean_both_sidebars_sidebars_width":0,"ocean_sidebar":"0","ocean_second_sidebar":"0","ocean_disable_margins":"enable","ocean_add_body_class":"","ocean_shortcode_before_top_bar":"","ocean_shortcode_after_top_bar":"","ocean_shortcode_before_header":"","ocean_shortcode_after_header":"","ocean_has_shortcode":"","ocean_shortcode_after_title":"","ocean_shortcode_before_footer_widgets":"","ocean_shortcode_after_footer_widgets":"","ocean_shortcode_before_footer_bottom":"","ocean_shortcode_after_footer_bottom":"","ocean_display_top_bar":"default","ocean_display_header":"default","ocean_header_style":"","ocean_center_header_left_menu":"0","ocean_custom_header_template":"0","ocean_custom_logo":0,"ocean_custom_retina_logo":0,"ocean_custom_logo_max_width":0,"ocean_custom_logo_tablet_max_width":0,"ocean_custom_logo_mobile_max_width":0,"ocean_custom_logo_max_height":0,"ocean_custom_logo_tablet_max_height":0,"ocean_custom_logo_mobile_max_height":0,"ocean_header_custom_menu":"0","ocean_menu_typo_font_family":"0","ocean_menu_typo_font_subset":"","ocean_menu_typo_font_size":0,"ocean_menu_typo_font_size_tablet":0,"ocean_menu_typo_font_size_mobile":0,"ocean_menu_typo_font_size_unit":"px","ocean_menu_typo_font_weight":"","ocean_menu_typo_font_weight_tablet":"","ocean_menu_typo_font_weight_mobile":"","ocean_menu_typo_transform":"","ocean_menu_typo_transform_tablet":"","ocean_menu_typo_transform_mobile":"","ocean_menu_typo_line_height":0,"ocean_menu_typo_line_height_tablet":0,"ocean_menu_typo_line_height_mobile":0,"ocean_menu_typo_line_height_unit":"","ocean_menu_typo_spacing":0,"ocean_menu_typo_spacing_tablet":0,"ocean_menu_typo_spacing_mobile":0,"ocean_menu_typo_spacing_unit":"","ocean_menu_link_color":"","ocean_menu_link_color_hover":"","ocean_menu_link_color_active":"","ocean_menu_link_background":"","ocean_menu_link_hover_background":"","ocean_menu_link_active_background":"","ocean_menu_social_links_bg":"","ocean_menu_social_hover_links_bg":"","ocean_menu_social_links_color":"","ocean_menu_social_hover_links_color":"","ocean_disable_title":"default","ocean_disable_heading":"default","ocean_post_title":"","ocean_post_subheading":"","ocean_post_title_style":"","ocean_post_title_background_color":"","ocean_post_title_background":0,"ocean_post_title_bg_image_position":"","ocean_post_title_bg_image_attachment":"","ocean_post_title_bg_image_repeat":"","ocean_post_title_bg_image_size":"","ocean_post_title_height":0,"ocean_post_title_bg_overlay":0.5,"ocean_post_title_bg_overlay_color":"","ocean_disable_breadcrumbs":"default","ocean_breadcrumbs_color":"","ocean_breadcrumbs_separator_color":"","ocean_breadcrumbs_links_color":"","ocean_breadcrumbs_links_hover_color":"","ocean_display_footer_widgets":"default","ocean_display_footer_bottom":"default","ocean_custom_footer_template":"0","footnotes":""},"class_list":["post-370","page","type-page","status-publish","hentry","entry"],"_links":{"self":[{"href":"https:\/\/lajes.rn.gov.br\/transparente\/index\/wp-json\/wp\/v2\/pages\/370","targetHints":{"allow":["GET"]}}],"collection":[{"href":"https:\/\/lajes.rn.gov.br\/transparente\/index\/wp-json\/wp\/v2\/pages"}],"about":[{"href":"https:\/\/lajes.rn.gov.br\/transparente\/index\/wp-json\/wp\/v2\/types\/page"}],"author":[{"embeddable":true,"href":"https:\/\/lajes.rn.gov.br\/transparente\/index\/wp-json\/wp\/v2\/users\/3"}],"replies":[{"embeddable":true,"href":"https:\/\/lajes.rn.gov.br\/transparente\/index\/wp-json\/wp\/v2\/comments?post=370"}],"version-history":[{"count":5,"href":"https:\/\/lajes.rn.gov.br\/transparente\/index\/wp-json\/wp\/v2\/pages\/370\/revisions"}],"predecessor-version":[{"id":36854,"href":"https:\/\/lajes.rn.gov.br\/transparente\/index\/wp-json\/wp\/v2\/pages\/370\/revisions\/36854"}],"wp:attachment":[{"href":"https:\/\/lajes.rn.gov.br\/transparente\/index\/wp-json\/wp\/v2\/media?parent=370"}],"curies":[{"name":"wp","href":"https:\/\/api.w.org\/{rel}","templated":true}]}}

<div align="right">| <strong><a href="/feed" target="_blank" rel="noopener">XML↓</a></strong> | <a href="https://lajes.rn.gov.br/transparente/index/wp-content/uploads/2025/04/export.csv" target="_blank" rel="noopener"> <strong>CSV↓</strong></a> | <a href="?print=pdf" target="_blank" rel="noopener"><strong>PDF</strong>↓</a>  | <a href="?print=print" target="_blank" rel="noopener"><strong>IMPRIMIR</strong>↓</a>  |</div>
<p>&nbsp;</p>
<div class="pt-cv-wrapper"><div class="pt-cv-view pt-cv-grid pt-cv-colsys" id="pt-cv-view-f9e6fb30b8"><div data-id="pt-cv-page-1" class="pt-cv-page" data-cvc="1"><div class="col-md-12 col-sm-12 col-xs-12 pt-cv-content-item pt-cv-1-col" ><div class='pt-cv-ifield'><p class="pt-cv-title"><a href="https://lajes.rn.gov.br/transparente/index/lei-n-748-2016-estima-a-receita-e-fixa-a-despesa-do-municipio-de-lajes-estado-do-rio-grande-do-norte-para-o-exercicio-financeiro-de-2017/" class="_self" target="_self" >LEI N° 748/2016 &#8211; ESTIMA A RECEITA E FIXA A DESPESA DO MUNICÍPIO DE LAJES, ESTADO DO RIO GRANDE DO NORTE, PARA O EXERCÍCIO FINANCEIRO DE 2017.</a></p></div></div>
<div class="col-md-12 col-sm-12 col-xs-12 pt-cv-content-item pt-cv-1-col" ><div class='pt-cv-ifield'><p class="pt-cv-title"><a href="https://lajes.rn.gov.br/transparente/index/lei-complementar-no-747-2016-dispoe-sobre-a-criacao-do-departamento-municipal-de-transito-e-transporte-rodoviario-da-junta-administrativa-de-recursos-de-infracao-jari-e-da-outras-providen/" class="_self" target="_self" >LEI COMPLEMENTAR Nº 747/2016 &#8211; Dispõe sobre a criação do Departamento Municipal de Transito e Transporte Rodoviário, da Junta Administrativa de Recursos de Infração – JARI e dá outras providências.</a></p></div></div>
<div class="col-md-12 col-sm-12 col-xs-12 pt-cv-content-item pt-cv-1-col" ><div class='pt-cv-ifield'><p class="pt-cv-title"><a href="https://lajes.rn.gov.br/transparente/index/lei-no-746-2016-denominacao-de-logradouro-publico-localizado-na-rua-mariana-gomes-e-da-outras-providencias/" class="_self" target="_self" >LEI Nº 746/2016 &#8211; Denominação de Logradouro Público localizado na Rua Mariana Gomes, e dá Outras Providências.</a></p></div></div>
<div class="col-md-12 col-sm-12 col-xs-12 pt-cv-content-item pt-cv-1-col" ><div class='pt-cv-ifield'><p class="pt-cv-title"><a href="https://lajes.rn.gov.br/transparente/index/lei-no-745-2016-denominacao-de-logradouro-publico-localizado-na-rua-jose-reinaldo-da-silva-e-da-outras-providencias/" class="_self" target="_self" >LEI Nº 745/2016 &#8211; Denominação de Logradouro Público localizado na Rua José Reinaldo da Silva, e dá Outras Providências.</a></p></div></div>
<div class="col-md-12 col-sm-12 col-xs-12 pt-cv-content-item pt-cv-1-col" ><div class='pt-cv-ifield'><p class="pt-cv-title"><a href="https://lajes.rn.gov.br/transparente/index/lei-no-744-2016-altera-o-artigo-8o-da-lei-no-702-2015-de-28-12-2015-e-da-outras-providencias/" class="_self" target="_self" >LEI Nº 744/2016 &#8211; Altera o Artigo 8º da Lei nº 702/2015, de 28/12/2015 e dá outras providências.</a></p></div></div>
<div class="col-md-12 col-sm-12 col-xs-12 pt-cv-content-item pt-cv-1-col" ><div class='pt-cv-ifield'><p class="pt-cv-title"><a href="https://lajes.rn.gov.br/transparente/index/lei-no-743-2016-altera-o-artigo-81-da-lei-complementar-n-03-2014-para-estabelecer-outros-requisitos-legais-para-isencao-da-contribuicao-para-o-custeio-do-servico-de-iluminacao-publica/" class="_self" target="_self" >LEI Nº 743/2016 &#8211; Altera o artigo 81 da Lei Complementar n° 03/2014 para estabelecer outros requisitos legais para isenção da Contribuição para o Custeio do Serviço de Iluminação Pública.</a></p></div></div>
<div class="col-md-12 col-sm-12 col-xs-12 pt-cv-content-item pt-cv-1-col" ><div class='pt-cv-ifield'><p class="pt-cv-title"><a href="https://lajes.rn.gov.br/transparente/index/lei-no-742-2016-altera-o-artigo-1o-da-lei-no-741-2016-de-12-08-2016-e-da-outras-providencias/" class="_self" target="_self" >LEI Nº 742/2016 &#8211; Altera o Artigo 1º da Lei nº 741/2016, de 12/08/2016 e dá outras providências.</a></p></div></div></div></div></div>
<p>&nbsp;</p>
<p>&nbsp;</p>
<p>&nbsp;</p>
<p>&nbsp;</p>
<p>&nbsp;</p>
<p>&nbsp;</p>
<p>&nbsp;</p>
<p>&nbsp;</p>
<p>&nbsp;</p>
<p>&nbsp;</p>
<p>&nbsp;</p>
<p>&nbsp;</p>
<p>&nbsp;</p>
<p>&nbsp;</p>
<p>&nbsp;</p>
<p>&nbsp;</p>
<p>&nbsp;</p>
<p>&nbsp;</p>
<p>&nbsp;</p>
<p>&nbsp;</p>
<p>&nbsp;</p>
<p>&nbsp;</p>
<p>&nbsp;</p>
<p>&nbsp;</p>
