{"id":363,"date":"2023-01-19T16:20:55","date_gmt":"2023-01-19T19:20:55","guid":{"rendered":"https:\/\/lajes.ticetb.com.br\/transparente\/index\/?page_id=363"},"modified":"2025-04-25T09:34:35","modified_gmt":"2025-04-25T12:34:35","slug":"leis-municipais-2018","status":"publish","type":"page","link":"https:\/\/lajes.rn.gov.br\/transparente\/index\/leis-municipais-2018\/","title":{"rendered":"Leis Municipais 2018"},"content":{"rendered":"<div align=\"right\">|\u00a0<strong><a href=\"\/feed\" target=\"_blank\" rel=\"noopener\">XML\u2193<\/a><\/strong>\u00a0| <a href=\"https:\/\/lajes.rn.gov.br\/transparente\/index\/wp-content\/uploads\/2025\/04\/export.csv\" target=\"_blank\" rel=\"noopener\">\u00a0<strong>CSV\u2193<\/strong><\/a>\u00a0| <a href=\"?print=pdf\" target=\"_blank\" rel=\"noopener\"><strong>PDF<\/strong>\u2193<\/a>\u00a0\u00a0| <a href=\"?print=print\" target=\"_blank\" rel=\"noopener\"><strong>IMPRIMIR<\/strong>\u2193<\/a>\u00a0\u00a0|<\/div>\n<p>&nbsp;<\/p>\n<div class=\"pt-cv-wrapper\"><div class=\"pt-cv-view pt-cv-grid pt-cv-colsys\" id=\"pt-cv-view-6588cc0o7h\"><div data-id=\"pt-cv-page-1\" class=\"pt-cv-page\" data-cvc=\"1\"><div class=\"col-md-12 col-sm-12 col-xs-12 pt-cv-content-item pt-cv-1-col\" ><div class='pt-cv-ifield'><p class=\"pt-cv-title\"><a href=\"https:\/\/lajes.rn.gov.br\/transparente\/index\/lei-municipal-n-o-806-2018-autoriza-o-poder-executivo-municipal-a-doacao-para-regulamentacao-fundiaria-de-terreno-na-zona-urbana-e-da-outras-providencias\/\" class=\"_self\" target=\"_self\" >LEI MUNICIPAL N.\u00ba 806\/2018 &#8211; Autoriza o Poder Executivo Municipal a Doa\u00e7\u00e3o para Regulamenta\u00e7\u00e3o Fundi\u00e1ria de terreno na Zona Urbana, e d\u00e1 outras provid\u00eancias.<\/a><\/p><\/div><\/div>\n<div class=\"col-md-12 col-sm-12 col-xs-12 pt-cv-content-item pt-cv-1-col\" ><div class='pt-cv-ifield'><p class=\"pt-cv-title\"><a href=\"https:\/\/lajes.rn.gov.br\/transparente\/index\/lei-municipal-n-o-805-2018-autoriza-o-poder-executivo-municipal-a-doacao-para-regulamentacao-fundiaria-de-terreno-na-zona-urbana-e-da-outras-providencias\/\" class=\"_self\" target=\"_self\" >LEI MUNICIPAL N.\u00ba 805\/2018 &#8211; Autoriza o Poder Executivo Municipal a Doa\u00e7\u00e3o para Regulamenta\u00e7\u00e3o Fundi\u00e1ria de terreno na Zona Urbana, e d\u00e1 outras provid\u00eancias.<\/a><\/p><\/div><\/div>\n<div class=\"col-md-12 col-sm-12 col-xs-12 pt-cv-content-item pt-cv-1-col\" ><div class='pt-cv-ifield'><p class=\"pt-cv-title\"><a href=\"https:\/\/lajes.rn.gov.br\/transparente\/index\/lei-municipal-n-o-809-2018-autoriza-o-poder-executivo-municipal-a-doacao-para-regulamentacao-fundiaria-de-terreno-na-zona-urbana-e-da-outras-providencias\/\" class=\"_self\" target=\"_self\" >LEI MUNICIPAL N.\u00ba 809\/2018 &#8211; Autoriza o Poder Executivo Municipal a Doa\u00e7\u00e3o para Regulamenta\u00e7\u00e3o Fundi\u00e1ria de terreno na Zona Urbana, e d\u00e1 outras provid\u00eancias.<\/a><\/p><\/div><\/div>\n<div class=\"col-md-12 col-sm-12 col-xs-12 pt-cv-content-item pt-cv-1-col\" ><div class='pt-cv-ifield'><p class=\"pt-cv-title\"><a href=\"https:\/\/lajes.rn.gov.br\/transparente\/index\/lei-municipal-n-o-811-2018-dispoe-sobre-a-doacao-de-um-imovel-de-propriedade-do-municipio-a-camara-municipal-de-lajes-rn-para-construcao-de-sua-sede-e-da-outras-providencias\/\" class=\"_self\" target=\"_self\" >LEI MUNICIPAL N.\u00ba 811\/2018 &#8211; Disp\u00f5e sobre a doa\u00e7\u00e3o de um im\u00f3vel de propriedade do Munic\u00edpio, \u00e0 C\u00e2mara Municipal de Lajes \u2013 RN, para Constru\u00e7\u00e3o de sua SEDE e d\u00e1 outras provid\u00eancias.<\/a><\/p><\/div><\/div>\n<div class=\"col-md-12 col-sm-12 col-xs-12 pt-cv-content-item pt-cv-1-col\" ><div class='pt-cv-ifield'><p class=\"pt-cv-title\"><a href=\"https:\/\/lajes.rn.gov.br\/transparente\/index\/lei-municipal-n-o-810-2018-dispoe-sobre-a-doacao-de-um-imovel-de-propriedade-do-municipio-para-a-construcao-do-centro-de-disponibilidade-de-informacoes-de-tecnologias-para-agricultores-familiares\/\" class=\"_self\" target=\"_self\" >LEI MUNICIPAL N.\u00ba 810\/2018 &#8211; Disp\u00f5e sobre a doa\u00e7\u00e3o de um im\u00f3vel de propriedade do Munic\u00edpio, para a constru\u00e7\u00e3o do Centro de Disponibilidade de Informa\u00e7\u00f5es de Tecnologias para Agricultores Familiares, no Munic\u00edpio de Lajes\/RN e d\u00e1 outras provid\u00eancias.\u00a0<\/a><\/p><\/div><\/div>\n<div class=\"col-md-12 col-sm-12 col-xs-12 pt-cv-content-item pt-cv-1-col\" ><div class='pt-cv-ifield'><p class=\"pt-cv-title\"><a href=\"https:\/\/lajes.rn.gov.br\/transparente\/index\/lei-municipal-n-o-807-2018-autoriza-o-poder-executivo-municipal-a-doacao-para-regulamentacao-fundiaria-de-terreno-na-zona-urbana-e-da-outras-providencias\/\" class=\"_self\" target=\"_self\" >LEI MUNICIPAL N.\u00ba 807\/2018 &#8211; Autoriza o Poder Executivo Municipal a Doa\u00e7\u00e3o para Regulamenta\u00e7\u00e3o Fundi\u00e1ria de terreno na Zona Urbana, e d\u00e1 outras provid\u00eancias.<\/a><\/p><\/div><\/div>\n<div class=\"col-md-12 col-sm-12 col-xs-12 pt-cv-content-item pt-cv-1-col\" ><div class='pt-cv-ifield'><p class=\"pt-cv-title\"><a href=\"https:\/\/lajes.rn.gov.br\/transparente\/index\/lei-municipal-n-o-808-2018-autoriza-o-poder-executivo-municipal-a-doacao-para-regulamentacao-fundiaria-de-terreno-na-zona-urbana-e-da-outras-providencias\/\" class=\"_self\" target=\"_self\" >LEI MUNICIPAL N.\u00ba 808\/2018 &#8211; Autoriza o Poder Executivo Municipal a Doa\u00e7\u00e3o para Regulamenta\u00e7\u00e3o Fundi\u00e1ria de terreno na Zona Urbana, e d\u00e1 outras provid\u00eancias.<\/a><\/p><\/div><\/div>\n<div class=\"col-md-12 col-sm-12 col-xs-12 pt-cv-content-item pt-cv-1-col\" ><div class='pt-cv-ifield'><p class=\"pt-cv-title\"><a href=\"https:\/\/lajes.rn.gov.br\/transparente\/index\/lei-municipal-n-o-803-2018-dispoe-sobre-a-criacao-de-cargos-e-vagas-no-quadro-dos-servidores-do-municipio-de-lajes-rn-autoriza-a-realizacao-do-respectivo-concurso-publico-e-da-outras-providencias\/\" class=\"_self\" target=\"_self\" >LEI MUNICIPAL N.\u00ba 803\/2018 &#8211; Disp\u00f5e sobre a cria\u00e7\u00e3o de cargos e vagas no quadro dos servidores do Munic\u00edpio de Lajes\/RN. Autoriza a realiza\u00e7\u00e3o do respectivo concurso p\u00fablico e d\u00e1 outras provid\u00eancias.<\/a><\/p><\/div><\/div>\n<div class=\"col-md-12 col-sm-12 col-xs-12 pt-cv-content-item pt-cv-1-col\" ><div class='pt-cv-ifield'><p class=\"pt-cv-title\"><a href=\"https:\/\/lajes.rn.gov.br\/transparente\/index\/lei-municipal-n-o-804-2018-autoriza-a-realizacao-de-concurso-publico-para-provimento-de-cargos-do-quadro-permanente-de-pessoal-da-camara-municipal-de-lajes-rn-e-da-outras-providencias\/\" class=\"_self\" target=\"_self\" >LEI MUNICIPAL N.\u00ba 804\/2018 &#8211; Autoriza a realiza\u00e7\u00e3o de concurso p\u00fablico para provimento de cargos do Quadro Permanente de Pessoal da C\u00e2mara Municipal de Lajes\/RN e d\u00e1 outras provid\u00eancias.<\/a><\/p><\/div><\/div>\n<div class=\"col-md-12 col-sm-12 col-xs-12 pt-cv-content-item pt-cv-1-col\" ><div class='pt-cv-ifield'><p class=\"pt-cv-title\"><a href=\"https:\/\/lajes.rn.gov.br\/transparente\/index\/lei-municipal-n-o-801-2018-ementa-dispoe-sobre-a-denominacao-do-portico-da-entrada-da-cidade-e-da-outras-providencias\/\" class=\"_self\" target=\"_self\" >LEI MUNICIPAL N.\u00ba 801\/2018 &#8211; EMENTA: Disp\u00f5e sobre a Denomina\u00e7\u00e3o do P\u00f3rtico da entrada da cidade, e d\u00e1 outras provid\u00eancias.<\/a><\/p><\/div><\/div>\n<div class=\"col-md-12 col-sm-12 col-xs-12 pt-cv-content-item pt-cv-1-col\" ><div class='pt-cv-ifield'><p class=\"pt-cv-title\"><a href=\"https:\/\/lajes.rn.gov.br\/transparente\/index\/lei-municipal-n-o-800-2018-dispoe-sobre-as-funcoes-do-coordenador-de-projetos-de-geracao-de-emprego-e-renda-e-da-outras-providencias\/\" class=\"_self\" target=\"_self\" >LEI MUNICIPAL N.\u00ba 800\/2018 &#8211; Disp\u00f5e sobre as fun\u00e7\u00f5es do Coordenador de Projetos de Gera\u00e7\u00e3o de Emprego e Renda e d\u00e1 outras provid\u00eancias.<\/a><\/p><\/div><\/div>\n<div class=\"col-md-12 col-sm-12 col-xs-12 pt-cv-content-item pt-cv-1-col\" ><div class='pt-cv-ifield'><p class=\"pt-cv-title\"><a href=\"https:\/\/lajes.rn.gov.br\/transparente\/index\/anexo-a-lei-orcamentaria-anual-2019\/\" class=\"_self\" target=\"_self\" >ANEXO A LEI ORCAMENTARIA ANUAL 2019<\/a><\/p><\/div><\/div>\n<div class=\"col-md-12 col-sm-12 col-xs-12 pt-cv-content-item pt-cv-1-col\" ><div class='pt-cv-ifield'><p class=\"pt-cv-title\"><a href=\"https:\/\/lajes.rn.gov.br\/transparente\/index\/lei-municipal-no-798-2018-ementa-institui-o-dia-do-musico-no-municipio-de-lajes-rn\/\" class=\"_self\" target=\"_self\" >LEI MUNICIPAL N\u00ba 798\/2018 &#8211; EMENTA: INSTITUI O DIA DO M\u00daSICO NO MUNIC\u00cdPIO DE LAJES\/RN.<\/a><\/p><\/div><\/div>\n<div class=\"col-md-12 col-sm-12 col-xs-12 pt-cv-content-item pt-cv-1-col\" ><div class='pt-cv-ifield'><p class=\"pt-cv-title\"><a href=\"https:\/\/lajes.rn.gov.br\/transparente\/index\/lei-n-797-2018-estima-a-receita-e-fixa-a-despesa-do-municipio-de-lajes-estado-do-rio-grande-do-norte-para-o-exercicio-financeiro-de-2019\/\" class=\"_self\" target=\"_self\" >LEI N\u00b0 797\/2018 &#8211; ESTIMA A RECEITA E FIXA A DESPESA DO MUNIC\u00cdPIO DE LAJES, ESTADO DO RIO GRANDE DO NORTE, PARA O EXERC\u00cdCIO FINANCEIRO DE 2019.<\/a><\/p><\/div><\/div>\n<div class=\"col-md-12 col-sm-12 col-xs-12 pt-cv-content-item pt-cv-1-col\" ><div class='pt-cv-ifield'><p class=\"pt-cv-title\"><a href=\"https:\/\/lajes.rn.gov.br\/transparente\/index\/lei-municipal-n-o-799-2018-altera-a-redacao-da-lei-municipal-n-o-607-2014-e-da-outras-providencias\/\" class=\"_self\" target=\"_self\" >LEI MUNICIPAL N.\u00ba 799\/2018 &#8211; Altera a reda\u00e7\u00e3o da Lei Municipal n.\u00ba 607\/2014 e d\u00e1 outras provid\u00eancias.<\/a><\/p><\/div><\/div>\n<div class=\"col-md-12 col-sm-12 col-xs-12 pt-cv-content-item pt-cv-1-col\" ><div class='pt-cv-ifield'><p class=\"pt-cv-title\"><a href=\"https:\/\/lajes.rn.gov.br\/transparente\/index\/lei-municipal-no-796-2018-altera-as-leis-municipais-n-o-521-de-06-de-outubro-de-2010-e-587-de-29-de-outubro-de-2013-e-da-outras-providencias\/\" class=\"_self\" target=\"_self\" >LEI MUNICIPAL N\u00ba 796\/2018 &#8211; Altera as Leis Municipais n.\u00ba 521, de 06 de outubro de 2010, e 587, de 29 de outubro de 2013, e d\u00e1 outras provid\u00eancias.<\/a><\/p><\/div><\/div>\n<div class=\"col-md-12 col-sm-12 col-xs-12 pt-cv-content-item pt-cv-1-col\" ><div class='pt-cv-ifield'><p class=\"pt-cv-title\"><a href=\"https:\/\/lajes.rn.gov.br\/transparente\/index\/lei-municipal-no-795-2018-autoriza-o-poder-executivo-municipal-a-abrir-credito-especial-e-da-outras-providencias\/\" class=\"_self\" target=\"_self\" >LEI MUNICIPAL N\u00ba 795\/2018 &#8211; Autoriza o Poder Executivo Municipal a Abrir Cr\u00e9dito Especial e d\u00e1 Outras Providencias.<\/a><\/p><\/div><\/div>\n<div class=\"col-md-12 col-sm-12 col-xs-12 pt-cv-content-item pt-cv-1-col\" ><div class='pt-cv-ifield'><p class=\"pt-cv-title\"><a href=\"https:\/\/lajes.rn.gov.br\/transparente\/index\/lei-municipal-no-793-2018-dispoe-sobre-as-diretrizes-orcamentarias-para-o-exercicio-de-2019-e-da-outras-providencias\/\" class=\"_self\" target=\"_self\" >LEI MUNICIPAL N\u00ba 793\/2018 &#8211; Disp\u00f5e sobre as diretrizes or\u00e7ament\u00e1rias para o exerc\u00edcio de 2019 e da outras providencias.<\/a><\/p><\/div><\/div>\n<div class=\"col-md-12 col-sm-12 col-xs-12 pt-cv-content-item pt-cv-1-col\" ><div class='pt-cv-ifield'><p class=\"pt-cv-title\"><a href=\"https:\/\/lajes.rn.gov.br\/transparente\/index\/lei-municipal-no-791-2018-dispoe-sobre-o-reajuste-do-piso-salarial-dos-professores-e-da-outras-providencias\/\" class=\"_self\" target=\"_self\" >LEI MUNICIPAL N\u00ba 791\/2018 &#8211; Disp\u00f5e sobre o reajuste do piso salarial dos professores, e da outras provid\u00eancias.<\/a><\/p><\/div><\/div>\n<div class=\"col-md-12 col-sm-12 col-xs-12 pt-cv-content-item pt-cv-1-col\" ><div class='pt-cv-ifield'><p class=\"pt-cv-title\"><a href=\"https:\/\/lajes.rn.gov.br\/transparente\/index\/lei-municipal-no-792-2018-dispoe-sobre-a-remuneracao-minima-dos-servidores-do-municipio-de-lajes-rn-e-da-outras-providencias\/\" class=\"_self\" target=\"_self\" >LEI MUNICIPAL N\u00ba 792\/2018 &#8211; Disp\u00f5e sobre a remunera\u00e7\u00e3o m\u00ednima dos servidores do munic\u00edpio de Lajes\/RN, e da outras provid\u00eancias.<\/a><\/p><\/div><\/div><\/div><\/div>\n<div class=\" pt-cv-pagination-wrapper\"><ul class=\"pt-cv-pagination pt-cv-ajax pagination\" data-totalpages=\"2\" data-currentpage=\"1\" data-sid=\"6588cc0o7h\" data-unid=\"\" data-isblock=\"\" data-postid=\"\"><li class=\"active\"><a href=\"#\">1<\/a><\/li>\n\t<li ><a class=\"\" href=\"https:\/\/lajes.rn.gov.br\/transparente\/index\/wp-json\/wp\/v2\/pages\/363\/?_page=2\">2<\/a><\/li>\n\t<li ><a class=\" \" href=\"https:\/\/lajes.rn.gov.br\/transparente\/index\/wp-json\/wp\/v2\/pages\/363\/?_page=2\">&rsaquo;<\/a><\/li>\n\t<\/ul><img decoding=\"async\" width=\"15\" height=\"15\" class=\"pt-cv-spinner\" alt=\"Carregando...;\" src=\"data:image\/gif;base64,R0lGODlhDwAPALMPAMrKygwMDJOTkz09PZWVla+vr3p6euTk5M7OzuXl5TMzMwAAAJmZmWZmZszMzP\/\/\/yH\/C05FVFNDQVBFMi4wAwEAAAAh+QQFCgAPACwAAAAADwAPAAAEQvDJaZaZOIcV8iQK8VRX4iTYoAwZ4iCYoAjZ4RxejhVNoT+mRGP4cyF4Pp0N98sBGIBMEMOotl6YZ3S61Bmbkm4mAgAh+QQFCgAPACwAAAAADQANAAAENPDJSRSZeA418itN8QiK8BiLITVsFiyBBIoYqnoewAD4xPw9iY4XLGYSjkQR4UAUD45DLwIAIfkEBQoADwAsAAAAAA8ACQAABC\/wyVlamTi3nSdgwFNdhEJgTJoNyoB9ISYoQmdjiZPcj7EYCAeCF1gEDo4Dz2eIAAAh+QQFCgAPACwCAAAADQANAAAEM\/DJBxiYeLKdX3IJZT1FU0iIg2RNKx3OkZVnZ98ToRD4MyiDnkAh6BkNC0MvsAj0kMpHBAAh+QQFCgAPACwGAAAACQAPAAAEMDC59KpFDll73HkAA2wVY5KgiK5b0RRoI6MuzG6EQqCDMlSGheEhUAgqgUUAFRySIgAh+QQFCgAPACwCAAIADQANAAAEM\/DJKZNLND\/kkKaHc3xk+QAMYDKsiaqmZCxGVjSFFCxB1vwy2oOgIDxuucxAMTAJFAJNBAAh+QQFCgAPACwAAAYADwAJAAAEMNAs86q1yaWwwv2Ig0jUZx3OYa4XoRAfwADXoAwfo1+CIjyFRuEho60aSNYlOPxEAAAh+QQFCgAPACwAAAIADQANAAAENPA9s4y8+IUVcqaWJ4qEQozSoAzoIyhCK2NFU2SJk0hNnyEOhKR2AzAAj4Pj4GE4W0bkJQIAOw==\" \/><div class=\"clear pt-cv-clear-pagination\"><\/div><\/div><\/div>\n<p>&nbsp;<\/p>\n<p>&nbsp;<\/p>\n<p>&nbsp;<\/p>\n<p>&nbsp;<\/p>\n<p>&nbsp;<\/p>\n<p>&nbsp;<\/p>\n<p>&nbsp;<\/p>\n<p>&nbsp;<\/p>\n<p>&nbsp;<\/p>\n<p>&nbsp;<\/p>\n<p>&nbsp;<\/p>\n<p>&nbsp;<\/p>\n<p>&nbsp;<\/p>\n<p>&nbsp;<\/p>\n<p>&nbsp;<\/p>\n<p>&nbsp;<\/p>\n<p>&nbsp;<\/p>\n<p>&nbsp;<\/p>\n<p>&nbsp;<\/p>\n<p>&nbsp;<\/p>\n<p>&nbsp;<\/p>\n<p>&nbsp;<\/p>\n<p>&nbsp;<\/p>\n<p>&nbsp;<\/p>\n","protected":false},"excerpt":{"rendered":"<p>|\u00a0XML\u2193\u00a0| \u00a0CSV\u2193\u00a0| PDF\u2193\u00a0\u00a0| IMPRIMIR\u2193\u00a0\u00a0| &nbsp; &nbsp; &nbsp; &nbsp; &nbsp; &nbsp; &nbsp; &nbsp; &nbsp; &nbsp; &nbsp; &nbsp; &nbsp; &nbsp; &nbsp; &nbsp; &nbsp; &nbsp; &nbsp; &nbsp; &nbsp; &nbsp; &nbsp; &nbsp; &nbsp;<\/p>\n","protected":false},"author":3,"featured_media":0,"parent":0,"menu_order":0,"comment_status":"closed","ping_status":"closed","template":"","meta":{"ocean_post_layout":"","ocean_both_sidebars_style":"","ocean_both_sidebars_content_width":0,"ocean_both_sidebars_sidebars_width":0,"ocean_sidebar":"0","ocean_second_sidebar":"0","ocean_disable_margins":"enable","ocean_add_body_class":"","ocean_shortcode_before_top_bar":"","ocean_shortcode_after_top_bar":"","ocean_shortcode_before_header":"","ocean_shortcode_after_header":"","ocean_has_shortcode":"","ocean_shortcode_after_title":"","ocean_shortcode_before_footer_widgets":"","ocean_shortcode_after_footer_widgets":"","ocean_shortcode_before_footer_bottom":"","ocean_shortcode_after_footer_bottom":"","ocean_display_top_bar":"default","ocean_display_header":"default","ocean_header_style":"","ocean_center_header_left_menu":"0","ocean_custom_header_template":"0","ocean_custom_logo":0,"ocean_custom_retina_logo":0,"ocean_custom_logo_max_width":0,"ocean_custom_logo_tablet_max_width":0,"ocean_custom_logo_mobile_max_width":0,"ocean_custom_logo_max_height":0,"ocean_custom_logo_tablet_max_height":0,"ocean_custom_logo_mobile_max_height":0,"ocean_header_custom_menu":"0","ocean_menu_typo_font_family":"0","ocean_menu_typo_font_subset":"","ocean_menu_typo_font_size":0,"ocean_menu_typo_font_size_tablet":0,"ocean_menu_typo_font_size_mobile":0,"ocean_menu_typo_font_size_unit":"px","ocean_menu_typo_font_weight":"","ocean_menu_typo_font_weight_tablet":"","ocean_menu_typo_font_weight_mobile":"","ocean_menu_typo_transform":"","ocean_menu_typo_transform_tablet":"","ocean_menu_typo_transform_mobile":"","ocean_menu_typo_line_height":0,"ocean_menu_typo_line_height_tablet":0,"ocean_menu_typo_line_height_mobile":0,"ocean_menu_typo_line_height_unit":"","ocean_menu_typo_spacing":0,"ocean_menu_typo_spacing_tablet":0,"ocean_menu_typo_spacing_mobile":0,"ocean_menu_typo_spacing_unit":"","ocean_menu_link_color":"","ocean_menu_link_color_hover":"","ocean_menu_link_color_active":"","ocean_menu_link_background":"","ocean_menu_link_hover_background":"","ocean_menu_link_active_background":"","ocean_menu_social_links_bg":"","ocean_menu_social_hover_links_bg":"","ocean_menu_social_links_color":"","ocean_menu_social_hover_links_color":"","ocean_disable_title":"default","ocean_disable_heading":"default","ocean_post_title":"","ocean_post_subheading":"","ocean_post_title_style":"","ocean_post_title_background_color":"","ocean_post_title_background":0,"ocean_post_title_bg_image_position":"","ocean_post_title_bg_image_attachment":"","ocean_post_title_bg_image_repeat":"","ocean_post_title_bg_image_size":"","ocean_post_title_height":0,"ocean_post_title_bg_overlay":0.5,"ocean_post_title_bg_overlay_color":"","ocean_disable_breadcrumbs":"default","ocean_breadcrumbs_color":"","ocean_breadcrumbs_separator_color":"","ocean_breadcrumbs_links_color":"","ocean_breadcrumbs_links_hover_color":"","ocean_display_footer_widgets":"default","ocean_display_footer_bottom":"default","ocean_custom_footer_template":"0","footnotes":""},"class_list":["post-363","page","type-page","status-publish","hentry","entry"],"_links":{"self":[{"href":"https:\/\/lajes.rn.gov.br\/transparente\/index\/wp-json\/wp\/v2\/pages\/363","targetHints":{"allow":["GET"]}}],"collection":[{"href":"https:\/\/lajes.rn.gov.br\/transparente\/index\/wp-json\/wp\/v2\/pages"}],"about":[{"href":"https:\/\/lajes.rn.gov.br\/transparente\/index\/wp-json\/wp\/v2\/types\/page"}],"author":[{"embeddable":true,"href":"https:\/\/lajes.rn.gov.br\/transparente\/index\/wp-json\/wp\/v2\/users\/3"}],"replies":[{"embeddable":true,"href":"https:\/\/lajes.rn.gov.br\/transparente\/index\/wp-json\/wp\/v2\/comments?post=363"}],"version-history":[{"count":5,"href":"https:\/\/lajes.rn.gov.br\/transparente\/index\/wp-json\/wp\/v2\/pages\/363\/revisions"}],"predecessor-version":[{"id":36856,"href":"https:\/\/lajes.rn.gov.br\/transparente\/index\/wp-json\/wp\/v2\/pages\/363\/revisions\/36856"}],"wp:attachment":[{"href":"https:\/\/lajes.rn.gov.br\/transparente\/index\/wp-json\/wp\/v2\/media?parent=363"}],"curies":[{"name":"wp","href":"https:\/\/api.w.org\/{rel}","templated":true}]}}