{"id":33296,"date":"2024-05-14T15:41:29","date_gmt":"2024-05-14T18:41:29","guid":{"rendered":"https:\/\/lajes.rn.gov.br\/transparente\/index\/?page_id=33296"},"modified":"2025-05-27T21:36:55","modified_gmt":"2025-05-28T00:36:55","slug":"competencias-e-ou-atribuicoes-cargos","status":"publish","type":"page","link":"https:\/\/lajes.rn.gov.br\/transparente\/index\/competencias-e-ou-atribuicoes-cargos\/","title":{"rendered":"COMPET\u00caNCIAS E\/OU ATRIBUI\u00c7\u00d5ES | CARGOS"},"content":{"rendered":"<div align=\"right\">|\u00a0<strong><a href=\"\/feed\" target=\"_blank\" rel=\"noopener\">XML\u2193<\/a><\/strong>\u00a0| <a href=\"https:\/\/lajes.rn.gov.br\/transparente\/index\/wp-content\/uploads\/2025\/05\/COMPETENCIAS-EOU-ATRIBUICOES-CARGOS.csv\" target=\"_blank\" rel=\"noopener\">\u00a0<strong>CSV\u2193<\/strong><\/a>\u00a0| <a href=\"?print=pdf\" target=\"_blank\" rel=\"noopener\"><strong>PDF<\/strong>\u2193<\/a>\u00a0\u00a0| <a href=\"?print=print\" target=\"_blank\" rel=\"noopener\"><strong>IMPRIMIR<\/strong>\u2193<\/a>\u00a0\u00a0|<\/div>\n<p>&nbsp;<\/p>\n<div class=\"indiv_tablepress tablepress_in_div\">\n<table id=\"tablepress-87\" class=\"tablepress tablepress-id-87\">\n<thead>\n<tr class=\"row-1\">\n\t<th class=\"column-1\">Cargo<\/th><th class=\"column-2\">Requisitos<\/th><th class=\"column-3\">Atribui\u00e7\u00f5es<\/th>\n<\/tr>\n<\/thead>\n<tbody class=\"row-striping row-hover\">\n<tr class=\"row-2\">\n\t<td class=\"column-1\">Secret\u00e1rio Municipal<\/td><td class=\"column-2\">Livre Nomea\u00e7\u00e3o<\/td><td class=\"column-3\">Estabelecer diretrizes estrat\u00e9gicas e zelar pela consecu\u00e7\u00e3o das finalidades do \u00f3rg\u00e3o, ordenando despesas e demais atos administrativos no \u00e2mbito das respectivas unidades administrativas, bem como assessorar o Prefeito do Munic\u00edpio no \u00e2mbito dos assuntos do seu \u00f3rg\u00e3o.<\/td>\n<\/tr>\n<tr class=\"row-3\">\n\t<td class=\"column-1\">Procurador Geral do Munic\u00edpio<\/td><td class=\"column-2\">Gradua\u00e7\u00e3o em Direito, com inscri\u00e7\u00e3o na OAB e efetivo exerc\u00edcio da profiss\u00e3o.<\/td><td class=\"column-3\">Assessorar, coordenar e orientar juridicamente o Munic\u00edpio de Lajes; representar judicialmente e extrajudicialmente o Munic\u00edpio e suas entidades de direito p\u00fablico interno, bem como prestar apoio em assuntos jur\u00eddicos e legislativos ao Prefeito Municipal e consultoria jur\u00eddica aos \u00f3rg\u00e3os e entidades da Administra\u00e7\u00e3o P\u00fablica Municipal; zelar pela observ\u00e2ncia dos princ\u00edpios da Administra\u00e7\u00e3o P\u00fablica.<\/td>\n<\/tr>\n<tr class=\"row-4\">\n\t<td class=\"column-1\">Controlador Geral do Munic\u00edpio<\/td><td class=\"column-2\">N\u00edvel Superior<\/td><td class=\"column-3\">Coordenar o sistema de controle interno da administra\u00e7\u00e3o p\u00fablica municipal, promovendo a preven\u00e7\u00e3o e o combate \u00e0 corrup\u00e7\u00e3o, a defesa do patrim\u00f4nio p\u00fablico, o fomento ao controle social, \u00e0 melhoria da qualidade do gasto, o apoio ao controle externo e a transpar\u00eancia; analisar atos de correi\u00e7\u00e3o, bem como exercer fun\u00e7\u00f5es de controladoria e auditoria.<\/td>\n<\/tr>\n<tr class=\"row-5\">\n\t<td class=\"column-1\">Assessor T\u00e9cnico<\/td><td class=\"column-2\">N\u00edvel Superior<\/td><td class=\"column-3\">Prestar assessoria ao Gestor Municipal, auxiliando-o nos assuntos administrativos e pol\u00edticos de sua compet\u00eancia junto ao gabinete.<\/td>\n<\/tr>\n<tr class=\"row-6\">\n\t<td class=\"column-1\">Assessor<\/td><td class=\"column-2\">Livre Nomea\u00e7\u00e3o<\/td><td class=\"column-3\">Prestar assessoria ao Gestor Municipal, auxiliando-o nos assuntos administrativos e pol\u00edticos de sua compet\u00eancia junto ao gabinete.<\/td>\n<\/tr>\n<tr class=\"row-7\">\n\t<td class=\"column-1\">Gestor<\/td><td class=\"column-2\">Livre Nomea\u00e7\u00e3o<\/td><td class=\"column-3\">Respons\u00e1vel pela gest\u00e3o da \u00e1rea espec\u00edfica de cada \u00f3rg\u00e3o da Administra\u00e7\u00e3o P\u00fablica, com vincula\u00e7\u00e3o direta ao Secret\u00e1rio Municipal de sua pasta de lota\u00e7\u00e3o, competindo-lhe auxiliar a Secretaria na gest\u00e3o das diretrizes estrat\u00e9gicas do respectivo \u00f3rg\u00e3o.<\/td>\n<\/tr>\n<tr class=\"row-8\">\n\t<td class=\"column-1\">Comandante da Guarda Municipal<\/td><td class=\"column-2\">N\u00edvel M\u00e9dio<\/td><td class=\"column-3\">Comandar, gerenciar e superintender as a\u00e7\u00f5es e atividades da Guarda Municipal, sob a coordena\u00e7\u00e3o da Secretaria Municipal de Administra\u00e7\u00e3o, Comunica\u00e7\u00e3o e Seguran\u00e7a P\u00fablica.<\/td>\n<\/tr>\n<tr class=\"row-9\">\n\t<td class=\"column-1\">Chefe de Gabinete<\/td><td class=\"column-2\">Livre Nomea\u00e7\u00e3o<\/td><td class=\"column-3\">Coordenar os trabalhos e gerenciar os expedientes, prestar assessoramento imediato ao titular do gabinete a que estiver vinculado; gerenciar diariamente as atividades concernentes \u00e0s \u00e1reas administrativas; coordenar a\u00e7\u00f5es de apoio direto e imediato ao gestor correspondente, de acordo com as necessidades de natureza protocolar, institucional e demais assuntos relacionados \u00e0 administra\u00e7\u00e3o p\u00fablica municipal; tomar provid\u00eancias e gerenciar as atividades relacionadas ao gabinete e prestar assessoramento direto em eventos espec\u00edficos e tamb\u00e9m nos deslocamentos normais e rotineiros; controlar a pauta de audi\u00eancias, despachos e eventos onde haja participa\u00e7\u00e3o do titular da unidade administrativa; coordenar, em harmonia com o cerimonial, a recep\u00e7\u00e3o de autoridades e as tarefas protocolares; facilitar e atuar na articula\u00e7\u00e3o do gabinete ao qual estiver vinculado, com os demais \u00f3rg\u00e3os e entidades da Administra\u00e7\u00e3o do Munic\u00edpio; demais atribui\u00e7\u00f5es que lhe forem destacadas pelo dirigente da pasta-fim.<\/td>\n<\/tr>\n<tr class=\"row-10\">\n\t<td class=\"column-1\">Coordenador T\u00e9cnico<\/td><td class=\"column-2\">N\u00edvel Superior<\/td><td class=\"column-3\">Respons\u00e1vel pela coordena\u00e7\u00e3o da \u00e1rea espec\u00edfica de cada \u00f3rg\u00e3o da Administra\u00e7\u00e3o P\u00fablica, com vincula\u00e7\u00e3o direta ao Secret\u00e1rio Municipal de sua pasta de lota\u00e7\u00e3o, competindo-lhe auxiliar o Secret\u00e1rio Municipal na execu\u00e7\u00e3o das atividades planejadas.<\/td>\n<\/tr>\n<tr class=\"row-11\">\n\t<td class=\"column-1\">Coordenador<\/td><td class=\"column-2\">Livre Nomea\u00e7\u00e3o<\/td><td class=\"column-3\">Respons\u00e1vel pela coordena\u00e7\u00e3o de equipes ou atividades espec\u00edficas, desenvolvidas no \u00e2mbito das Secretarias Municipais.<\/td>\n<\/tr>\n<tr class=\"row-12\">\n\t<td class=\"column-1\">Diretor M\u00e9dico da UPA<\/td><td class=\"column-2\">N\u00edvel Superior em Medicina<\/td><td class=\"column-3\">Respons\u00e1vel pela dire\u00e7\u00e3o m\u00e9dica da Unidade de Pronto Atendimento (UPA), competindo-lhe as fun\u00e7\u00f5es concernentes \u00e0s demandas m\u00e9dicas da respectiva unidade.<\/td>\n<\/tr>\n<tr class=\"row-13\">\n\t<td class=\"column-1\">Diretor de Enfermagem da UPA<\/td><td class=\"column-2\">N\u00edvel Superior em Enfermagem<\/td><td class=\"column-3\">Respons\u00e1vel pela dire\u00e7\u00e3o de enfermagem da Unidade de Pronto Atendimento (UPA), competindo-lhe as fun\u00e7\u00f5es concernentes \u00e0s demandas de enfermagem da respectiva unidade.<\/td>\n<\/tr>\n<tr class=\"row-14\">\n\t<td class=\"column-1\">Diretor Administrativo da UPA<\/td><td class=\"column-2\">N\u00edvel Superior<\/td><td class=\"column-3\">Respons\u00e1vel pela dire\u00e7\u00e3o administrativa da Unidade de Pronto Atendimento (UPA), competindo-lhe as fun\u00e7\u00f5es concernentes \u00e0s demandas administrativas da respectiva unidade.<\/td>\n<\/tr>\n<tr class=\"row-15\">\n\t<td class=\"column-1\">Diretor de Unidade Escolar<\/td><td class=\"column-2\">N\u00edvel Superior<\/td><td class=\"column-3\">Respons\u00e1vel pela dire\u00e7\u00e3o de unidade escolar, competindo-lhe as fun\u00e7\u00f5es administrativas da respectiva unidade.<\/td>\n<\/tr>\n<tr class=\"row-16\">\n\t<td class=\"column-1\">Diretor<\/td><td class=\"column-2\">Livre Nomea\u00e7\u00e3o<\/td><td class=\"column-3\">Respons\u00e1vel pela dire\u00e7\u00e3o de \u00f3rg\u00e3o administrativo de m\u00e9dia complexidade, competindo-lhe a execu\u00e7\u00e3o das fun\u00e7\u00f5es do respectivo \u00f3rg\u00e3o<\/td>\n<\/tr>\n<tr class=\"row-17\">\n\t<td class=\"column-1\">Vice-Diretor de Unidade Escolar<\/td><td class=\"column-2\">Livre Nomea\u00e7\u00e3o<\/td><td class=\"column-3\">Respons\u00e1vel, na aus\u00eancia do Diretor, pela dire\u00e7\u00e3o de unidade escolar, competindo-lhe as fun\u00e7\u00f5es administrativas da respectiva unidade. Auxiliar o Diretor na execu\u00e7\u00e3o das atividades.<\/td>\n<\/tr>\n<tr class=\"row-18\">\n\t<td class=\"column-1\">Mestre de Obras<\/td><td class=\"column-2\">Livre Nomea\u00e7\u00e3o<\/td><td class=\"column-3\">Supervisionar em car\u00e1ter geral a condu\u00e7\u00e3o das obras municipais, bem como o servi\u00e7o dos coordenadores de obras e manuten\u00e7\u00e3o lotados na Secretaria Municipal de Infraestrutura e Servi\u00e7os Urbanos, respons\u00e1vel pela organiza\u00e7\u00e3o em geral do trabalho de outros profissionais.<\/td>\n<\/tr>\n<tr class=\"row-19\">\n\t<td class=\"column-1\">Maestro<\/td><td class=\"column-2\">N\u00edvel Superior<\/td><td class=\"column-3\">Respons\u00e1vel por dirigir um coro ou orquestra musical. Atuar como profissional que auxilia na execu\u00e7\u00e3o de atividades culturais executadas gest\u00e3o municipal.<\/td>\n<\/tr>\n<\/tbody>\n<\/table>\n<\/div><!-- #tablepress-87 from cache -->\n<p>&nbsp;<\/p>\n","protected":false},"excerpt":{"rendered":"<p>|\u00a0XML\u2193\u00a0| \u00a0CSV\u2193\u00a0| PDF\u2193\u00a0\u00a0| IMPRIMIR\u2193\u00a0\u00a0| &nbsp; &nbsp;<\/p>\n","protected":false},"author":3,"featured_media":0,"parent":0,"menu_order":0,"comment_status":"closed","ping_status":"closed","template":"","meta":{"ocean_post_layout":"full-screen","ocean_both_sidebars_style":"","ocean_both_sidebars_content_width":0,"ocean_both_sidebars_sidebars_width":0,"ocean_sidebar":"0","ocean_second_sidebar":"0","ocean_disable_margins":"enable","ocean_add_body_class":"","ocean_shortcode_before_top_bar":"","ocean_shortcode_after_top_bar":"","ocean_shortcode_before_header":"","ocean_shortcode_after_header":"","ocean_has_shortcode":"","ocean_shortcode_after_title":"","ocean_shortcode_before_footer_widgets":"","ocean_shortcode_after_footer_widgets":"","ocean_shortcode_before_footer_bottom":"","ocean_shortcode_after_footer_bottom":"","ocean_display_top_bar":"default","ocean_display_header":"default","ocean_header_style":"","ocean_center_header_left_menu":"0","ocean_custom_header_template":"0","ocean_custom_logo":0,"ocean_custom_retina_logo":0,"ocean_custom_logo_max_width":0,"ocean_custom_logo_tablet_max_width":0,"ocean_custom_logo_mobile_max_width":0,"ocean_custom_logo_max_height":0,"ocean_custom_logo_tablet_max_height":0,"ocean_custom_logo_mobile_max_height":0,"ocean_header_custom_menu":"0","ocean_menu_typo_font_family":"0","ocean_menu_typo_font_subset":"","ocean_menu_typo_font_size":0,"ocean_menu_typo_font_size_tablet":0,"ocean_menu_typo_font_size_mobile":0,"ocean_menu_typo_font_size_unit":"px","ocean_menu_typo_font_weight":"","ocean_menu_typo_font_weight_tablet":"","ocean_menu_typo_font_weight_mobile":"","ocean_menu_typo_transform":"","ocean_menu_typo_transform_tablet":"","ocean_menu_typo_transform_mobile":"","ocean_menu_typo_line_height":0,"ocean_menu_typo_line_height_tablet":0,"ocean_menu_typo_line_height_mobile":0,"ocean_menu_typo_line_height_unit":"","ocean_menu_typo_spacing":0,"ocean_menu_typo_spacing_tablet":0,"ocean_menu_typo_spacing_mobile":0,"ocean_menu_typo_spacing_unit":"","ocean_menu_link_color":"","ocean_menu_link_color_hover":"","ocean_menu_link_color_active":"","ocean_menu_link_background":"","ocean_menu_link_hover_background":"","ocean_menu_link_active_background":"","ocean_menu_social_links_bg":"","ocean_menu_social_hover_links_bg":"","ocean_menu_social_links_color":"","ocean_menu_social_hover_links_color":"","ocean_disable_title":"default","ocean_disable_heading":"default","ocean_post_title":"","ocean_post_subheading":"","ocean_post_title_style":"","ocean_post_title_background_color":"","ocean_post_title_background":0,"ocean_post_title_bg_image_position":"","ocean_post_title_bg_image_attachment":"","ocean_post_title_bg_image_repeat":"","ocean_post_title_bg_image_size":"","ocean_post_title_height":0,"ocean_post_title_bg_overlay":0.5,"ocean_post_title_bg_overlay_color":"","ocean_disable_breadcrumbs":"default","ocean_breadcrumbs_color":"","ocean_breadcrumbs_separator_color":"","ocean_breadcrumbs_links_color":"","ocean_breadcrumbs_links_hover_color":"","ocean_display_footer_widgets":"default","ocean_display_footer_bottom":"default","ocean_custom_footer_template":"0","footnotes":""},"class_list":["post-33296","page","type-page","status-publish","hentry","entry"],"_links":{"self":[{"href":"https:\/\/lajes.rn.gov.br\/transparente\/index\/wp-json\/wp\/v2\/pages\/33296","targetHints":{"allow":["GET"]}}],"collection":[{"href":"https:\/\/lajes.rn.gov.br\/transparente\/index\/wp-json\/wp\/v2\/pages"}],"about":[{"href":"https:\/\/lajes.rn.gov.br\/transparente\/index\/wp-json\/wp\/v2\/types\/page"}],"author":[{"embeddable":true,"href":"https:\/\/lajes.rn.gov.br\/transparente\/index\/wp-json\/wp\/v2\/users\/3"}],"replies":[{"embeddable":true,"href":"https:\/\/lajes.rn.gov.br\/transparente\/index\/wp-json\/wp\/v2\/comments?post=33296"}],"version-history":[{"count":5,"href":"https:\/\/lajes.rn.gov.br\/transparente\/index\/wp-json\/wp\/v2\/pages\/33296\/revisions"}],"predecessor-version":[{"id":37308,"href":"https:\/\/lajes.rn.gov.br\/transparente\/index\/wp-json\/wp\/v2\/pages\/33296\/revisions\/37308"}],"wp:attachment":[{"href":"https:\/\/lajes.rn.gov.br\/transparente\/index\/wp-json\/wp\/v2\/media?parent=33296"}],"curies":[{"name":"wp","href":"https:\/\/api.w.org\/{rel}","templated":true}]}}

COMPETÊNCIAS E/OU ATRIBUIÇÕES | CARGOS

<div align="right">| <strong><a href="/feed" target="_blank" rel="noopener">XML↓</a></strong> | <a href="https://lajes.rn.gov.br/transparente/index/wp-content/uploads/2025/05/COMPETENCIAS-EOU-ATRIBUICOES-CARGOS.csv" target="_blank" rel="noopener"> <strong>CSV↓</strong></a> | <a href="?print=pdf" target="_blank" rel="noopener"><strong>PDF</strong>↓</a>  | <a href="?print=print" target="_blank" rel="noopener"><strong>IMPRIMIR</strong>↓</a>  |</div>
<p>&nbsp;</p>
<div class="indiv_tablepress tablepress_in_div">
<table id="tablepress-87" class="tablepress tablepress-id-87">
<thead>
<tr class="row-1">
	<th class="column-1">Cargo</th><th class="column-2">Requisitos</th><th class="column-3">Atribuições</th>
</tr>
</thead>
<tbody class="row-striping row-hover">
<tr class="row-2">
	<td class="column-1">Secretário Municipal</td><td class="column-2">Livre Nomeação</td><td class="column-3">Estabelecer diretrizes estratégicas e zelar pela consecução das finalidades do órgão, ordenando despesas e demais atos administrativos no âmbito das respectivas unidades administrativas, bem como assessorar o Prefeito do Município no âmbito dos assuntos do seu órgão.</td>
</tr>
<tr class="row-3">
	<td class="column-1">Procurador Geral do Município</td><td class="column-2">Graduação em Direito, com inscrição na OAB e efetivo exercício da profissão.</td><td class="column-3">Assessorar, coordenar e orientar juridicamente o Município de Lajes; representar judicialmente e extrajudicialmente o Município e suas entidades de direito público interno, bem como prestar apoio em assuntos jurídicos e legislativos ao Prefeito Municipal e consultoria jurídica aos órgãos e entidades da Administração Pública Municipal; zelar pela observância dos princípios da Administração Pública.</td>
</tr>
<tr class="row-4">
	<td class="column-1">Controlador Geral do Município</td><td class="column-2">Nível Superior</td><td class="column-3">Coordenar o sistema de controle interno da administração pública municipal, promovendo a prevenção e o combate à corrupção, a defesa do patrimônio público, o fomento ao controle social, à melhoria da qualidade do gasto, o apoio ao controle externo e a transparência; analisar atos de correição, bem como exercer funções de controladoria e auditoria.</td>
</tr>
<tr class="row-5">
	<td class="column-1">Assessor Técnico</td><td class="column-2">Nível Superior</td><td class="column-3">Prestar assessoria ao Gestor Municipal, auxiliando-o nos assuntos administrativos e políticos de sua competência junto ao gabinete.</td>
</tr>
<tr class="row-6">
	<td class="column-1">Assessor</td><td class="column-2">Livre Nomeação</td><td class="column-3">Prestar assessoria ao Gestor Municipal, auxiliando-o nos assuntos administrativos e políticos de sua competência junto ao gabinete.</td>
</tr>
<tr class="row-7">
	<td class="column-1">Gestor</td><td class="column-2">Livre Nomeação</td><td class="column-3">Responsável pela gestão da área específica de cada órgão da Administração Pública, com vinculação direta ao Secretário Municipal de sua pasta de lotação, competindo-lhe auxiliar a Secretaria na gestão das diretrizes estratégicas do respectivo órgão.</td>
</tr>
<tr class="row-8">
	<td class="column-1">Comandante da Guarda Municipal</td><td class="column-2">Nível Médio</td><td class="column-3">Comandar, gerenciar e superintender as ações e atividades da Guarda Municipal, sob a coordenação da Secretaria Municipal de Administração, Comunicação e Segurança Pública.</td>
</tr>
<tr class="row-9">
	<td class="column-1">Chefe de Gabinete</td><td class="column-2">Livre Nomeação</td><td class="column-3">Coordenar os trabalhos e gerenciar os expedientes, prestar assessoramento imediato ao titular do gabinete a que estiver vinculado; gerenciar diariamente as atividades concernentes às áreas administrativas; coordenar ações de apoio direto e imediato ao gestor correspondente, de acordo com as necessidades de natureza protocolar, institucional e demais assuntos relacionados à administração pública municipal; tomar providências e gerenciar as atividades relacionadas ao gabinete e prestar assessoramento direto em eventos específicos e também nos deslocamentos normais e rotineiros; controlar a pauta de audiências, despachos e eventos onde haja participação do titular da unidade administrativa; coordenar, em harmonia com o cerimonial, a recepção de autoridades e as tarefas protocolares; facilitar e atuar na articulação do gabinete ao qual estiver vinculado, com os demais órgãos e entidades da Administração do Município; demais atribuições que lhe forem destacadas pelo dirigente da pasta-fim.</td>
</tr>
<tr class="row-10">
	<td class="column-1">Coordenador Técnico</td><td class="column-2">Nível Superior</td><td class="column-3">Responsável pela coordenação da área específica de cada órgão da Administração Pública, com vinculação direta ao Secretário Municipal de sua pasta de lotação, competindo-lhe auxiliar o Secretário Municipal na execução das atividades planejadas.</td>
</tr>
<tr class="row-11">
	<td class="column-1">Coordenador</td><td class="column-2">Livre Nomeação</td><td class="column-3">Responsável pela coordenação de equipes ou atividades específicas, desenvolvidas no âmbito das Secretarias Municipais.</td>
</tr>
<tr class="row-12">
	<td class="column-1">Diretor Médico da UPA</td><td class="column-2">Nível Superior em Medicina</td><td class="column-3">Responsável pela direção médica da Unidade de Pronto Atendimento (UPA), competindo-lhe as funções concernentes às demandas médicas da respectiva unidade.</td>
</tr>
<tr class="row-13">
	<td class="column-1">Diretor de Enfermagem da UPA</td><td class="column-2">Nível Superior em Enfermagem</td><td class="column-3">Responsável pela direção de enfermagem da Unidade de Pronto Atendimento (UPA), competindo-lhe as funções concernentes às demandas de enfermagem da respectiva unidade.</td>
</tr>
<tr class="row-14">
	<td class="column-1">Diretor Administrativo da UPA</td><td class="column-2">Nível Superior</td><td class="column-3">Responsável pela direção administrativa da Unidade de Pronto Atendimento (UPA), competindo-lhe as funções concernentes às demandas administrativas da respectiva unidade.</td>
</tr>
<tr class="row-15">
	<td class="column-1">Diretor de Unidade Escolar</td><td class="column-2">Nível Superior</td><td class="column-3">Responsável pela direção de unidade escolar, competindo-lhe as funções administrativas da respectiva unidade.</td>
</tr>
<tr class="row-16">
	<td class="column-1">Diretor</td><td class="column-2">Livre Nomeação</td><td class="column-3">Responsável pela direção de órgão administrativo de média complexidade, competindo-lhe a execução das funções do respectivo órgão</td>
</tr>
<tr class="row-17">
	<td class="column-1">Vice-Diretor de Unidade Escolar</td><td class="column-2">Livre Nomeação</td><td class="column-3">Responsável, na ausência do Diretor, pela direção de unidade escolar, competindo-lhe as funções administrativas da respectiva unidade. Auxiliar o Diretor na execução das atividades.</td>
</tr>
<tr class="row-18">
	<td class="column-1">Mestre de Obras</td><td class="column-2">Livre Nomeação</td><td class="column-3">Supervisionar em caráter geral a condução das obras municipais, bem como o serviço dos coordenadores de obras e manutenção lotados na Secretaria Municipal de Infraestrutura e Serviços Urbanos, responsável pela organização em geral do trabalho de outros profissionais.</td>
</tr>
<tr class="row-19">
	<td class="column-1">Maestro</td><td class="column-2">Nível Superior</td><td class="column-3">Responsável por dirigir um coro ou orquestra musical. Atuar como profissional que auxilia na execução de atividades culturais executadas gestão municipal.</td>
</tr>
</tbody>
</table>
</div><!-- #tablepress-87 from cache -->
<p>&nbsp;</p>
