{"id":32986,"date":"2024-05-10T15:18:53","date_gmt":"2024-05-10T18:18:53","guid":{"rendered":"https:\/\/lajes.rn.gov.br\/transparente\/index\/?page_id=32986"},"modified":"2025-05-30T13:33:11","modified_gmt":"2025-05-30T16:33:11","slug":"lista-de-espera-em-creches-publicas","status":"publish","type":"page","link":"https:\/\/lajes.rn.gov.br\/transparente\/index\/lista-de-espera-em-creches-publicas\/","title":{"rendered":"LISTA DE ESPERA EM CRECHES P\u00daBLICAS"},"content":{"rendered":"<div align=\"right\">|\u00a0<strong><a href=\"\/feed\" target=\"_blank\" rel=\"noopener\">XML\u2193<\/a><\/strong>\u00a0| \u00a0<a href=\"?print=pdf\" target=\"_blank\" rel=\"noopener\"><strong>PDF<\/strong>\u2193<\/a>\u00a0\u00a0| <a href=\"?print=print\" target=\"_blank\" rel=\"noopener\"><strong>IMPRIMIR<\/strong>\u2193<\/a>\u00a0\u00a0|<\/div>\n<p>&nbsp;<\/p>\n<div class=\"indiv_tablepress tablepress_in_div\">\n<table id=\"tablepress-109\" class=\"tablepress tablepress-id-109\">\n<thead>\n<tr class=\"row-1\">\n\t<th class=\"column-1\">NOME<\/th><th class=\"column-2\">DESCRI\u00c7\u00c3O<\/th><th class=\"column-3\">ANO<\/th><th class=\"column-4\">VISUALIZAR<\/th>\n<\/tr>\n<\/thead>\n<tbody class=\"row-striping row-hover\">\n<tr class=\"row-2\">\n\t<td class=\"column-1\">LISTA DE ESPERA EM CRECHES P\u00daBLICAS<\/td><td class=\"column-2\">N\u00e3o h\u00e1 informa\u00e7\u00f5es sobre lista de espera em creches p\u00fablicas no per\u00edodo de janeiro a junho 2025 . Atualizado em 16.06.2025<\/td><td class=\"column-3\">2025<\/td><td class=\"column-4\"><\/td>\n<\/tr>\n<tr class=\"row-3\">\n\t<td class=\"column-1\">LISTA DE ESPERA EM CRECHES P\u00daBLICAS<\/td><td class=\"column-2\">Informa-se que n\u00e3o houve Lista de Espera em Creches P\u00fablicas no periodo de Janeiro a Dezembro de 2024. Atualizado em 16.06.2025<\/td><td class=\"column-3\">2024<\/td><td class=\"column-4\"><a href=\"https:\/\/lajes.rn.gov.br\/transparente\/index\/wp-content\/uploads\/2025\/05\/DECLARACAO-VAGAS-CRECHES-2024.pdf\">Visualizar<\/a><\/td>\n<\/tr>\n<tr class=\"row-4\">\n\t<td class=\"column-1\">LISTA DE ESPERA EM CRECHES P\u00daBLICAS<\/td><td class=\"column-2\">Informa-se que n\u00e3o houve Lista de Espera em Creches P\u00fablicas no periodo de Janeiro a Dezembro de 2023. Atualizado em 16.06.2025<\/td><td class=\"column-3\">2023<\/td><td class=\"column-4\"><a href=\"https:\/\/lajes.rn.gov.br\/transparente\/index\/wp-content\/uploads\/2025\/05\/DECLARACAO-VAGAS-CRECHES-2023.pdf\">Visualizar<\/a><\/td>\n<\/tr>\n<tr class=\"row-5\">\n\t<td class=\"column-1\">LISTA DE ESPERA EM CRECHES P\u00daBLICAS<\/td><td class=\"column-2\">Informa-se que n\u00e3o houve Lista de Espera em Creches P\u00fablicas no periodo de Janeiro a Dezembro de 2022. Atualizado em 16.06.2025<\/td><td class=\"column-3\">2022<\/td><td class=\"column-4\"><a href=\"https:\/\/lajes.rn.gov.br\/transparente\/index\/wp-content\/uploads\/2025\/05\/DECLARACAO-VAGAS-CRECHES-2022.pdf\">Visualizar<\/a><\/td>\n<\/tr>\n<tr class=\"row-6\">\n\t<td class=\"column-1\">LISTA DE ESPERA EM CRECHES P\u00daBLICAS<\/td><td class=\"column-2\">Informa-se que n\u00e3o houve Lista de Espera em Creches P\u00fablicas no periodo de Janeiro a Dezembro de 2021. Atualizado em 16.06.2025<\/td><td class=\"column-3\">2021<\/td><td class=\"column-4\"><a href=\"https:\/\/lajes.rn.gov.br\/transparente\/index\/wp-content\/uploads\/2025\/05\/DECLARACAO-VAGAS-CRECHES-2021.pdf\">Visualizar<\/a><\/td>\n<\/tr>\n<\/tbody>\n<\/table>\n<\/div><!-- #tablepress-109 from cache -->\n<p>&nbsp;<\/p>\n<p>&nbsp;<\/p>\n<p>&nbsp;<\/p>\n<p>&nbsp;<\/p>\n<p>&nbsp;<\/p>\n<p>&nbsp;<\/p>\n<p>.<\/p>\n","protected":false},"excerpt":{"rendered":"<p>|\u00a0XML\u2193\u00a0| \u00a0PDF\u2193\u00a0\u00a0| IMPRIMIR\u2193\u00a0\u00a0| &nbsp; &nbsp; &nbsp; &nbsp; &nbsp; &nbsp; &nbsp; .<\/p>\n","protected":false},"author":3,"featured_media":0,"parent":0,"menu_order":0,"comment_status":"closed","ping_status":"closed","template":"","meta":{"ocean_post_layout":"","ocean_both_sidebars_style":"","ocean_both_sidebars_content_width":0,"ocean_both_sidebars_sidebars_width":0,"ocean_sidebar":"0","ocean_second_sidebar":"0","ocean_disable_margins":"enable","ocean_add_body_class":"","ocean_shortcode_before_top_bar":"","ocean_shortcode_after_top_bar":"","ocean_shortcode_before_header":"","ocean_shortcode_after_header":"","ocean_has_shortcode":"","ocean_shortcode_after_title":"","ocean_shortcode_before_footer_widgets":"","ocean_shortcode_after_footer_widgets":"","ocean_shortcode_before_footer_bottom":"","ocean_shortcode_after_footer_bottom":"","ocean_display_top_bar":"default","ocean_display_header":"default","ocean_header_style":"","ocean_center_header_left_menu":"0","ocean_custom_header_template":"0","ocean_custom_logo":0,"ocean_custom_retina_logo":0,"ocean_custom_logo_max_width":0,"ocean_custom_logo_tablet_max_width":0,"ocean_custom_logo_mobile_max_width":0,"ocean_custom_logo_max_height":0,"ocean_custom_logo_tablet_max_height":0,"ocean_custom_logo_mobile_max_height":0,"ocean_header_custom_menu":"0","ocean_menu_typo_font_family":"0","ocean_menu_typo_font_subset":"","ocean_menu_typo_font_size":0,"ocean_menu_typo_font_size_tablet":0,"ocean_menu_typo_font_size_mobile":0,"ocean_menu_typo_font_size_unit":"px","ocean_menu_typo_font_weight":"","ocean_menu_typo_font_weight_tablet":"","ocean_menu_typo_font_weight_mobile":"","ocean_menu_typo_transform":"","ocean_menu_typo_transform_tablet":"","ocean_menu_typo_transform_mobile":"","ocean_menu_typo_line_height":0,"ocean_menu_typo_line_height_tablet":0,"ocean_menu_typo_line_height_mobile":0,"ocean_menu_typo_line_height_unit":"","ocean_menu_typo_spacing":0,"ocean_menu_typo_spacing_tablet":0,"ocean_menu_typo_spacing_mobile":0,"ocean_menu_typo_spacing_unit":"","ocean_menu_link_color":"","ocean_menu_link_color_hover":"","ocean_menu_link_color_active":"","ocean_menu_link_background":"","ocean_menu_link_hover_background":"","ocean_menu_link_active_background":"","ocean_menu_social_links_bg":"","ocean_menu_social_hover_links_bg":"","ocean_menu_social_links_color":"","ocean_menu_social_hover_links_color":"","ocean_disable_title":"default","ocean_disable_heading":"default","ocean_post_title":"","ocean_post_subheading":"","ocean_post_title_style":"","ocean_post_title_background_color":"","ocean_post_title_background":0,"ocean_post_title_bg_image_position":"","ocean_post_title_bg_image_attachment":"","ocean_post_title_bg_image_repeat":"","ocean_post_title_bg_image_size":"","ocean_post_title_height":0,"ocean_post_title_bg_overlay":0.5,"ocean_post_title_bg_overlay_color":"","ocean_disable_breadcrumbs":"default","ocean_breadcrumbs_color":"","ocean_breadcrumbs_separator_color":"","ocean_breadcrumbs_links_color":"","ocean_breadcrumbs_links_hover_color":"","ocean_display_footer_widgets":"default","ocean_display_footer_bottom":"default","ocean_custom_footer_template":"0","footnotes":""},"class_list":["post-32986","page","type-page","status-publish","hentry","entry"],"_links":{"self":[{"href":"https:\/\/lajes.rn.gov.br\/transparente\/index\/wp-json\/wp\/v2\/pages\/32986","targetHints":{"allow":["GET"]}}],"collection":[{"href":"https:\/\/lajes.rn.gov.br\/transparente\/index\/wp-json\/wp\/v2\/pages"}],"about":[{"href":"https:\/\/lajes.rn.gov.br\/transparente\/index\/wp-json\/wp\/v2\/types\/page"}],"author":[{"embeddable":true,"href":"https:\/\/lajes.rn.gov.br\/transparente\/index\/wp-json\/wp\/v2\/users\/3"}],"replies":[{"embeddable":true,"href":"https:\/\/lajes.rn.gov.br\/transparente\/index\/wp-json\/wp\/v2\/comments?post=32986"}],"version-history":[{"count":6,"href":"https:\/\/lajes.rn.gov.br\/transparente\/index\/wp-json\/wp\/v2\/pages\/32986\/revisions"}],"predecessor-version":[{"id":37683,"href":"https:\/\/lajes.rn.gov.br\/transparente\/index\/wp-json\/wp\/v2\/pages\/32986\/revisions\/37683"}],"wp:attachment":[{"href":"https:\/\/lajes.rn.gov.br\/transparente\/index\/wp-json\/wp\/v2\/media?parent=32986"}],"curies":[{"name":"wp","href":"https:\/\/api.w.org\/{rel}","templated":true}]}}

LISTA DE ESPERA EM CRECHES PÚBLICAS

<div align="right">| <strong><a href="/feed" target="_blank" rel="noopener">XML↓</a></strong> |  <a href="?print=pdf" target="_blank" rel="noopener"><strong>PDF</strong>↓</a>  | <a href="?print=print" target="_blank" rel="noopener"><strong>IMPRIMIR</strong>↓</a>  |</div>
<p>&nbsp;</p>
<div class="indiv_tablepress tablepress_in_div">
<table id="tablepress-109" class="tablepress tablepress-id-109">
<thead>
<tr class="row-1">
	<th class="column-1">NOME</th><th class="column-2">DESCRIÇÃO</th><th class="column-3">ANO</th><th class="column-4">VISUALIZAR</th>
</tr>
</thead>
<tbody class="row-striping row-hover">
<tr class="row-2">
	<td class="column-1">LISTA DE ESPERA EM CRECHES PÚBLICAS</td><td class="column-2">Não há informações sobre lista de espera em creches públicas no período de janeiro a junho 2025 . Atualizado em 16.06.2025</td><td class="column-3">2025</td><td class="column-4"></td>
</tr>
<tr class="row-3">
	<td class="column-1">LISTA DE ESPERA EM CRECHES PÚBLICAS</td><td class="column-2">Informa-se que não houve Lista de Espera em Creches Públicas no periodo de Janeiro a Dezembro de 2024. Atualizado em 16.06.2025</td><td class="column-3">2024</td><td class="column-4"><a href="https://lajes.rn.gov.br/transparente/index/wp-content/uploads/2025/05/DECLARACAO-VAGAS-CRECHES-2024.pdf">Visualizar</a></td>
</tr>
<tr class="row-4">
	<td class="column-1">LISTA DE ESPERA EM CRECHES PÚBLICAS</td><td class="column-2">Informa-se que não houve Lista de Espera em Creches Públicas no periodo de Janeiro a Dezembro de 2023. Atualizado em 16.06.2025</td><td class="column-3">2023</td><td class="column-4"><a href="https://lajes.rn.gov.br/transparente/index/wp-content/uploads/2025/05/DECLARACAO-VAGAS-CRECHES-2023.pdf">Visualizar</a></td>
</tr>
<tr class="row-5">
	<td class="column-1">LISTA DE ESPERA EM CRECHES PÚBLICAS</td><td class="column-2">Informa-se que não houve Lista de Espera em Creches Públicas no periodo de Janeiro a Dezembro de 2022. Atualizado em 16.06.2025</td><td class="column-3">2022</td><td class="column-4"><a href="https://lajes.rn.gov.br/transparente/index/wp-content/uploads/2025/05/DECLARACAO-VAGAS-CRECHES-2022.pdf">Visualizar</a></td>
</tr>
<tr class="row-6">
	<td class="column-1">LISTA DE ESPERA EM CRECHES PÚBLICAS</td><td class="column-2">Informa-se que não houve Lista de Espera em Creches Públicas no periodo de Janeiro a Dezembro de 2021. Atualizado em 16.06.2025</td><td class="column-3">2021</td><td class="column-4"><a href="https://lajes.rn.gov.br/transparente/index/wp-content/uploads/2025/05/DECLARACAO-VAGAS-CRECHES-2021.pdf">Visualizar</a></td>
</tr>
</tbody>
</table>
</div><!-- #tablepress-109 from cache -->
<p>&nbsp;</p>
<p>&nbsp;</p>
<p>&nbsp;</p>
<p>&nbsp;</p>
<p>&nbsp;</p>
<p>&nbsp;</p>
<p>.</p>
