{"id":26526,"date":"2023-04-10T23:34:40","date_gmt":"2023-04-11T02:34:40","guid":{"rendered":"https:\/\/lajes.rn.gov.br\/transparente\/index\/?page_id=26526"},"modified":"2025-04-25T08:22:06","modified_gmt":"2025-04-25T11:22:06","slug":"leis-frente","status":"publish","type":"page","link":"https:\/\/lajes.rn.gov.br\/transparente\/index\/leis-frente\/","title":{"rendered":"Leis &#8211; Frente"},"content":{"rendered":"<div align=\"right\">|\u00a0<strong><a href=\"\/feed\" target=\"_blank\" rel=\"noopener\">XML\u2193<\/a><\/strong>\u00a0| <a href=\"https:\/\/lajes.rn.gov.br\/transparente\/index\/wp-content\/uploads\/2025\/04\/export.csv\" target=\"_blank\" rel=\"noopener\">\u00a0<strong>CSV\u2193<\/strong><\/a>\u00a0| <a href=\"?print=pdf\" target=\"_blank\" rel=\"noopener\"><strong>PDF<\/strong>\u2193<\/a>\u00a0\u00a0| <a href=\"?print=print\" target=\"_blank\" rel=\"noopener\"><strong>IMPRIMIR<\/strong>\u2193<\/a>\u00a0\u00a0|<\/div>\n<p>&nbsp;<br \/>\n<div class=\"pt-cv-wrapper\"><div class=\"pt-cv-view pt-cv-grid pt-cv-colsys\" id=\"pt-cv-view-adb6232xo3\"><div data-id=\"pt-cv-page-1\" class=\"pt-cv-page\" data-cvc=\"1\"><div class=\"col-md-12 col-sm-12 col-xs-12 pt-cv-content-item pt-cv-1-col\" ><div class='pt-cv-ifield'><p class=\"pt-cv-title\"><a href=\"https:\/\/lajes.rn.gov.br\/transparente\/index\/lei-municipal-no-1-058-2026-dispoe-sobre-a-alteracao-dos-artigos-2o-3o-e-4o-da-lei-no-1-052-de-09-de-marco-de-2026-que-trata-do-parcelamento-e-reparcelamento-de-debitos-do-municipio-de-lajes-rn-c\/\" class=\"_self\" target=\"_self\" >LEI MUNICIPAL N\u00ba 1.058\/2026 &#8211; Disp\u00f5e sobre a altera\u00e7\u00e3o dos artigos 2\u00ba, 3\u00ba e 4\u00ba, da Lei n\u00ba 1.052 de 09 de mar\u00e7o de 2026, que trata do parcelamento e reparcelamento de d\u00e9bitos do Munic\u00edpio de Lajes\/RN com seu Regime Pr\u00f3prio de Previd\u00eancia Social &#8211; RPPS<\/a><\/p><\/div><\/div>\n<div class=\"col-md-12 col-sm-12 col-xs-12 pt-cv-content-item pt-cv-1-col\" ><div class='pt-cv-ifield'><p class=\"pt-cv-title\"><a href=\"https:\/\/lajes.rn.gov.br\/transparente\/index\/lei-municipal-no-1-059-2026-dispoe-sobre-a-alteracao-do-valor-da-verba-indenizatoria-para-exercicio-da-atividade-parlamentar-desvincula-o-seu-reajuste-automatico-de-indices-inflacionarios-e-da-outr\/\" class=\"_self\" target=\"_self\" >LEI MUNICIPAL N\u00ba 1.059\/2026 &#8211; Disp\u00f5e sobre a altera\u00e7\u00e3o do valor da Verba Indenizat\u00f3ria para exerc\u00edcio da atividade parlamentar, desvincula o seu reajuste autom\u00e1tico de \u00edndices inflacion\u00e1rios e d\u00e1 outras provid\u00eancias.<\/a><\/p><\/div><\/div>\n<div class=\"col-md-12 col-sm-12 col-xs-12 pt-cv-content-item pt-cv-1-col\" ><div class='pt-cv-ifield'><p class=\"pt-cv-title\"><a href=\"https:\/\/lajes.rn.gov.br\/transparente\/index\/lei-municipal-no-1-057-2026-altera-o-anexo-ii-da-lei-municipal-no-941-2023-para-reajustar-o-valor-dos-salarios-dos-servidores-da-camara-municipal-de-lajes-rn-e-da-outras-providencias\/\" class=\"_self\" target=\"_self\" >LEI MUNICIPAL N\u00ba 1.057\/2026 &#8211; \u201cAltera o Anexo II da Lei Municipal n\u00ba 941\/2023, para reajustar o valor dos sal\u00e1rios dos servidores da C\u00e2mara Municipal de Lajes\/RN e d\u00e1 outras provid\u00eancias.\u201d<\/a><\/p><\/div><\/div>\n<div class=\"col-md-12 col-sm-12 col-xs-12 pt-cv-content-item pt-cv-1-col\" ><div class='pt-cv-ifield'><p class=\"pt-cv-title\"><a href=\"https:\/\/lajes.rn.gov.br\/transparente\/index\/lei-municipal-no-1-056-2026-dispoe-sobre-a-obrigatoriedade-de-recomposicao-do-pavimento-e-das-calcadas-por-concessionarias-de-servicos-publicos-e-empresas-privadas-que-realizam-intervencoes-em-vias\/\" class=\"_self\" target=\"_self\" >LEI MUNICIPAL N\u00ba 1.056\/2026 &#8211; Disp\u00f5e sobre a obrigatoriedade de recomposi\u00e7\u00e3o do pavimento e das cal\u00e7adas por concession\u00e1rias de servi\u00e7os p\u00fablicos e empresas privadas que realizam interven\u00e7\u00f5es em vias e logradouros p\u00fablicos, e d\u00e1 outras provid\u00eancias.<\/a><\/p><\/div><\/div>\n<div class=\"col-md-12 col-sm-12 col-xs-12 pt-cv-content-item pt-cv-1-col\" ><div class='pt-cv-ifield'><p class=\"pt-cv-title\"><a href=\"https:\/\/lajes.rn.gov.br\/transparente\/index\/lei-municipal-no-1-054-2026-declara-como-patrimonio-cultural-imaterial-do-municipio-de-lajes-rn-o-torneio-copa-roberto-bacurau-e-da-outras-providencias\/\" class=\"_self\" target=\"_self\" >LEI MUNICIPAL N\u00ba 1.054\/2026 &#8211; Declara como patrim\u00f4nio cultural imaterial do munic\u00edpio de Lajes\/RN, o torneio \u201cCopa Roberto Bacurau\u201d, e d\u00e1 outras provid\u00eancias.<\/a><\/p><\/div><\/div>\n<div class=\"col-md-12 col-sm-12 col-xs-12 pt-cv-content-item pt-cv-1-col\" ><div class='pt-cv-ifield'><p class=\"pt-cv-title\"><a href=\"https:\/\/lajes.rn.gov.br\/transparente\/index\/lei-municipal-no-1-055-2026-altera-o-art-10-da-lei-municipal-no-942-2023-para-reajustar-o-valor-do-auxilio-alimentacao-dos-servidores-e-vereadores-da-camara-municipal-de-lajes-rn-revoga\/\" class=\"_self\" target=\"_self\" >LEI MUNICIPAL N\u00ba 1.055\/2026 &#8211; \u201cAltera o art. 10 da Lei Municipal n\u00ba 942\/2023, para reajustar o valor do aux\u00edlio-alimenta\u00e7\u00e3o dos servidores e vereadores da C\u00e2mara Municipal de Lajes\/RN, revoga a Lei Municipal n\u00ba 1.012\/2025 e d\u00e1 outras provid\u00eancias\u201d<\/a><\/p><\/div><\/div>\n<div class=\"col-md-12 col-sm-12 col-xs-12 pt-cv-content-item pt-cv-1-col\" ><div class='pt-cv-ifield'><p class=\"pt-cv-title\"><a href=\"https:\/\/lajes.rn.gov.br\/transparente\/index\/lei-municipal-no-1-051-2026-dispoe-sobre-a-doacao-de-parte-do-terreno-onde-funciona-o-centro-de-referencia-da-assistencia-social-crais-i-de-propriedade-do-municipio-de-lajes-rn-a-prevlaj\/\" class=\"_self\" target=\"_self\" >LEI MUNICIPAL N\u00ba 1.051\/2026 &#8211; DISP\u00d5E SOBRE A DOA\u00c7\u00c3O DE PARTE DO TERRENO ONDE FUNCIONA O CENTRO DE REFER\u00caNCIA DA ASSIST\u00caNCIA SOCIAL \u2013 CRAIS I, DE PROPRIEDADE DO MUNIC\u00cdPIO DE LAJES\/RN, \u00c0 PREVLAJES \u2013 INSTITUTO DE PREVID\u00caNCIA DOS SERVIDORES DE LAJES\/RN, E D\u00c1 OUTRAS PROVID\u00caNCIAS.<\/a><\/p><\/div><\/div>\n<div class=\"col-md-12 col-sm-12 col-xs-12 pt-cv-content-item pt-cv-1-col\" ><div class='pt-cv-ifield'><p class=\"pt-cv-title\"><a href=\"https:\/\/lajes.rn.gov.br\/transparente\/index\/lei-complementar-no-001-2026-dispoe-sobre-a-reestruturacao-do-regime-proprio-de-previdencia-social-dos-servidores-publicos-do-municipio-de-lajes-rn-em-conformidade-com-dispositivos-da-emenda-constit\/\" class=\"_self\" target=\"_self\" >LEI COMPLEMENTAR N\u00ba 001\/2026 &#8211; Disp\u00f5e sobre a Reestrutura\u00e7\u00e3o do Regime Pr\u00f3prio de Previd\u00eancia Social dos Servidores P\u00fablicos do Munic\u00edpio de Lajes\/RN em conformidade com dispositivos da Emenda Constitucional 103\/2019, e d\u00e1 outras provid\u00eancias.<\/a><\/p><\/div><\/div>\n<div class=\"col-md-12 col-sm-12 col-xs-12 pt-cv-content-item pt-cv-1-col\" ><div class='pt-cv-ifield'><p class=\"pt-cv-title\"><a href=\"https:\/\/lajes.rn.gov.br\/transparente\/index\/lei-municipal-no-1-052-2026-dispoe-sobre-o-parcelamento-e-reparcelamento-de-debitos-do-municipio-de-lajes-rn-com-seu-regime-proprio-de-previdencia-social-rpps-de-que-tratam-os-arts-115-e-117-do\/\" class=\"_self\" target=\"_self\" >LEI MUNICIPAL N\u00ba 1.052\/2026 &#8211; Disp\u00f5e sobre o parcelamento e reparcelamento de d\u00e9bitos do Munic\u00edpio de Lajes\/RN com seu Regime Pr\u00f3prio de Previd\u00eancia Social &#8211; RPPS, de que tratam os arts. 115 e 117 do Ato das Disposi\u00e7\u00f5es Constitucionais Transit\u00f3rias &#8211; ADCT, com a reda\u00e7\u00e3o conferida pela Emenda Constitucional n\u00ba 136, de 9 de setembro de 2025.<\/a><\/p><\/div><\/div>\n<div class=\"col-md-12 col-sm-12 col-xs-12 pt-cv-content-item pt-cv-1-col\" ><div class='pt-cv-ifield'><p class=\"pt-cv-title\"><a href=\"https:\/\/lajes.rn.gov.br\/transparente\/index\/lei-municipal-n-1-050-2026-denomina-de-centro-de-referencia-de-assistencia-social-cras-i-francisca-francinete-cortes-o-cras-i-localizado-na-praca-manoel-januario-c\/\" class=\"_self\" target=\"_self\" >LEI MUNICIPAL N\u00b0 1.050\/2026 &#8211; Denomina de \u201cCentro de Refer\u00eancia de Assist\u00eancia Social \u2013 CRAS I Francisca Francinete Cort\u00eas\u201d o CRAS I, localizado na Pra\u00e7a Manoel Janu\u00e1rio Cabral, n\u00ba 136, e d\u00e1 outras provid\u00eancias.<\/a><\/p><\/div><\/div><\/div><\/div>\n<div class=\" pt-cv-pagination-wrapper\"><ul class=\"pt-cv-pagination pt-cv-ajax pagination\" data-totalpages=\"43\" data-currentpage=\"1\" data-sid=\"adb6232xo3\" data-unid=\"\" data-isblock=\"\" data-postid=\"\"><li class=\"active\"><a href=\"#\">1<\/a><\/li>\n\t<li ><a class=\"\" href=\"https:\/\/lajes.rn.gov.br\/transparente\/index\/wp-json\/wp\/v2\/pages\/26526\/?_page=2\">2<\/a><\/li>\n\t<li ><a class=\"\" href=\"https:\/\/lajes.rn.gov.br\/transparente\/index\/wp-json\/wp\/v2\/pages\/26526\/?_page=3\">3<\/a><\/li>\n\t<li ><a href=\"#\">&hellip;<\/a><\/li>\n\t<li ><a class=\"\" href=\"https:\/\/lajes.rn.gov.br\/transparente\/index\/wp-json\/wp\/v2\/pages\/26526\/?_page=43\">43<\/a><\/li>\n\t<li ><a class=\" \" href=\"https:\/\/lajes.rn.gov.br\/transparente\/index\/wp-json\/wp\/v2\/pages\/26526\/?_page=2\">&rsaquo;<\/a><\/li>\n\t<\/ul><img decoding=\"async\" width=\"15\" height=\"15\" class=\"pt-cv-spinner\" alt=\"Carregando...;\" src=\"data:image\/gif;base64,R0lGODlhDwAPALMPAMrKygwMDJOTkz09PZWVla+vr3p6euTk5M7OzuXl5TMzMwAAAJmZmWZmZszMzP\/\/\/yH\/C05FVFNDQVBFMi4wAwEAAAAh+QQFCgAPACwAAAAADwAPAAAEQvDJaZaZOIcV8iQK8VRX4iTYoAwZ4iCYoAjZ4RxejhVNoT+mRGP4cyF4Pp0N98sBGIBMEMOotl6YZ3S61Bmbkm4mAgAh+QQFCgAPACwAAAAADQANAAAENPDJSRSZeA418itN8QiK8BiLITVsFiyBBIoYqnoewAD4xPw9iY4XLGYSjkQR4UAUD45DLwIAIfkEBQoADwAsAAAAAA8ACQAABC\/wyVlamTi3nSdgwFNdhEJgTJoNyoB9ISYoQmdjiZPcj7EYCAeCF1gEDo4Dz2eIAAAh+QQFCgAPACwCAAAADQANAAAEM\/DJBxiYeLKdX3IJZT1FU0iIg2RNKx3OkZVnZ98ToRD4MyiDnkAh6BkNC0MvsAj0kMpHBAAh+QQFCgAPACwGAAAACQAPAAAEMDC59KpFDll73HkAA2wVY5KgiK5b0RRoI6MuzG6EQqCDMlSGheEhUAgqgUUAFRySIgAh+QQFCgAPACwCAAIADQANAAAEM\/DJKZNLND\/kkKaHc3xk+QAMYDKsiaqmZCxGVjSFFCxB1vwy2oOgIDxuucxAMTAJFAJNBAAh+QQFCgAPACwAAAYADwAJAAAEMNAs86q1yaWwwv2Ig0jUZx3OYa4XoRAfwADXoAwfo1+CIjyFRuEho60aSNYlOPxEAAAh+QQFCgAPACwAAAIADQANAAAENPA9s4y8+IUVcqaWJ4qEQozSoAzoIyhCK2NFU2SJk0hNnyEOhKR2AzAAj4Pj4GE4W0bkJQIAOw==\" \/><div class=\"clear pt-cv-clear-pagination\"><\/div><\/div><\/div><\/p>\n","protected":false},"excerpt":{"rendered":"<p>|\u00a0XML\u2193\u00a0| \u00a0CSV\u2193\u00a0| PDF\u2193\u00a0\u00a0| IMPRIMIR\u2193\u00a0\u00a0| &nbsp;<\/p>\n","protected":false},"author":3,"featured_media":0,"parent":0,"menu_order":0,"comment_status":"closed","ping_status":"closed","template":"","meta":{"ocean_post_layout":"","ocean_both_sidebars_style":"","ocean_both_sidebars_content_width":0,"ocean_both_sidebars_sidebars_width":0,"ocean_sidebar":"0","ocean_second_sidebar":"0","ocean_disable_margins":"enable","ocean_add_body_class":"","ocean_shortcode_before_top_bar":"","ocean_shortcode_after_top_bar":"","ocean_shortcode_before_header":"","ocean_shortcode_after_header":"","ocean_has_shortcode":"","ocean_shortcode_after_title":"","ocean_shortcode_before_footer_widgets":"","ocean_shortcode_after_footer_widgets":"","ocean_shortcode_before_footer_bottom":"","ocean_shortcode_after_footer_bottom":"","ocean_display_top_bar":"default","ocean_display_header":"default","ocean_header_style":"","ocean_center_header_left_menu":"0","ocean_custom_header_template":"0","ocean_custom_logo":0,"ocean_custom_retina_logo":0,"ocean_custom_logo_max_width":0,"ocean_custom_logo_tablet_max_width":0,"ocean_custom_logo_mobile_max_width":0,"ocean_custom_logo_max_height":0,"ocean_custom_logo_tablet_max_height":0,"ocean_custom_logo_mobile_max_height":0,"ocean_header_custom_menu":"0","ocean_menu_typo_font_family":"0","ocean_menu_typo_font_subset":"","ocean_menu_typo_font_size":0,"ocean_menu_typo_font_size_tablet":0,"ocean_menu_typo_font_size_mobile":0,"ocean_menu_typo_font_size_unit":"px","ocean_menu_typo_font_weight":"","ocean_menu_typo_font_weight_tablet":"","ocean_menu_typo_font_weight_mobile":"","ocean_menu_typo_transform":"","ocean_menu_typo_transform_tablet":"","ocean_menu_typo_transform_mobile":"","ocean_menu_typo_line_height":0,"ocean_menu_typo_line_height_tablet":0,"ocean_menu_typo_line_height_mobile":0,"ocean_menu_typo_line_height_unit":"","ocean_menu_typo_spacing":0,"ocean_menu_typo_spacing_tablet":0,"ocean_menu_typo_spacing_mobile":0,"ocean_menu_typo_spacing_unit":"","ocean_menu_link_color":"","ocean_menu_link_color_hover":"","ocean_menu_link_color_active":"","ocean_menu_link_background":"","ocean_menu_link_hover_background":"","ocean_menu_link_active_background":"","ocean_menu_social_links_bg":"","ocean_menu_social_hover_links_bg":"","ocean_menu_social_links_color":"","ocean_menu_social_hover_links_color":"","ocean_disable_title":"default","ocean_disable_heading":"default","ocean_post_title":"","ocean_post_subheading":"","ocean_post_title_style":"","ocean_post_title_background_color":"","ocean_post_title_background":0,"ocean_post_title_bg_image_position":"","ocean_post_title_bg_image_attachment":"","ocean_post_title_bg_image_repeat":"","ocean_post_title_bg_image_size":"","ocean_post_title_height":0,"ocean_post_title_bg_overlay":0.5,"ocean_post_title_bg_overlay_color":"","ocean_disable_breadcrumbs":"default","ocean_breadcrumbs_color":"","ocean_breadcrumbs_separator_color":"","ocean_breadcrumbs_links_color":"","ocean_breadcrumbs_links_hover_color":"","ocean_display_footer_widgets":"default","ocean_display_footer_bottom":"default","ocean_custom_footer_template":"0","footnotes":""},"class_list":["post-26526","page","type-page","status-publish","hentry","entry"],"_links":{"self":[{"href":"https:\/\/lajes.rn.gov.br\/transparente\/index\/wp-json\/wp\/v2\/pages\/26526","targetHints":{"allow":["GET"]}}],"collection":[{"href":"https:\/\/lajes.rn.gov.br\/transparente\/index\/wp-json\/wp\/v2\/pages"}],"about":[{"href":"https:\/\/lajes.rn.gov.br\/transparente\/index\/wp-json\/wp\/v2\/types\/page"}],"author":[{"embeddable":true,"href":"https:\/\/lajes.rn.gov.br\/transparente\/index\/wp-json\/wp\/v2\/users\/3"}],"replies":[{"embeddable":true,"href":"https:\/\/lajes.rn.gov.br\/transparente\/index\/wp-json\/wp\/v2\/comments?post=26526"}],"version-history":[{"count":2,"href":"https:\/\/lajes.rn.gov.br\/transparente\/index\/wp-json\/wp\/v2\/pages\/26526\/revisions"}],"predecessor-version":[{"id":36720,"href":"https:\/\/lajes.rn.gov.br\/transparente\/index\/wp-json\/wp\/v2\/pages\/26526\/revisions\/36720"}],"wp:attachment":[{"href":"https:\/\/lajes.rn.gov.br\/transparente\/index\/wp-json\/wp\/v2\/media?parent=26526"}],"curies":[{"name":"wp","href":"https:\/\/api.w.org\/{rel}","templated":true}]}}