{"id":22943,"date":"2023-02-02T08:45:35","date_gmt":"2023-02-02T11:45:35","guid":{"rendered":"https:\/\/lajes.rn.gov.br\/transparente\/index\/?page_id=22943"},"modified":"2025-04-25T09:05:50","modified_gmt":"2025-04-25T12:05:50","slug":"slide-e-sic","status":"publish","type":"page","link":"https:\/\/lajes.rn.gov.br\/transparente\/index\/slide-e-sic\/","title":{"rendered":"slide-e-sic"},"content":{"rendered":"<div align=\"right\">|\u00a0<strong><a href=\"\/feed\" target=\"_blank\" rel=\"noopener\">XML\u2193<\/a><\/strong>\u00a0| <a href=\"https:\/\/lajes.rn.gov.br\/transparente\/index\/wp-content\/uploads\/2025\/04\/export.csv\" target=\"_blank\" rel=\"noopener\">\u00a0<strong>CSV\u2193<\/strong><\/a>\u00a0| <a href=\"?print=pdf\" target=\"_blank\" rel=\"noopener\"><strong>PDF<\/strong>\u2193<\/a>\u00a0\u00a0| <a href=\"?print=print\" target=\"_blank\" rel=\"noopener\"><strong>IMPRIMIR<\/strong>\u2193<\/a>\u00a0\u00a0|<\/div>\n<p>&nbsp;<\/p>\n<h3>Sobre o e-SIC<\/h3>\n<p><strong><em>Trata-se do sistema eletr\u00f4nico do servi\u00e7o de informa\u00e7\u00e3o ao cidad\u00e3o, permite que qualquer pessoa, f\u00edsica ou jur\u00eddica encaminhe pedidos de acesso \u00e1 informa\u00e7\u00e3o, acompanhe o prazo e receba a resposta da solicita\u00e7\u00e3o realizada \u00e0 entidade. O cidad\u00e3o ainda pode entrar com recursos e apresentar reclama\u00e7\u00f5es sem burocracia.<\/em><\/strong><\/p>\n<p>A Lei n\u00ba 12.527, sancionada em 18 de novembro de 2011, pelo Presidente da Rep\u00fablica, Dilma Roussef, regulamenta o direito constitucional de acesso dos cidad\u00e3os \u00e0s informa\u00e7\u00f5es p\u00fablicas e \u00e9 aplic\u00e1vel aos tr\u00eas Poderes da Uni\u00e3o, dos Estados, do Distrito Federal e dos Munic\u00edpios, com vig\u00eancia depois de decorridos 180 (cento e oitenta) dias da publica\u00e7\u00e3o. Sua san\u00e7\u00e3o representa mais um importante passo para a consolida\u00e7\u00e3o do regime democr\u00e1tico brasileiro e para o fortalecimento das pol\u00edticas de transpar\u00eancia p\u00fablica.<\/p>\n","protected":false},"excerpt":{"rendered":"<p>|\u00a0XML\u2193\u00a0| \u00a0CSV\u2193\u00a0| PDF\u2193\u00a0\u00a0| IMPRIMIR\u2193\u00a0\u00a0| &nbsp; Sobre o e-SIC Trata-se do sistema eletr\u00f4nico do servi\u00e7o de informa\u00e7\u00e3o ao cidad\u00e3o, permite que qualquer pessoa, f\u00edsica ou jur\u00eddica encaminhe pedidos de acesso \u00e1 informa\u00e7\u00e3o, acompanhe o prazo e receba a resposta da solicita\u00e7\u00e3o realizada \u00e0 entidade. O cidad\u00e3o ainda pode entrar com recursos e apresentar reclama\u00e7\u00f5es sem burocracia. [&hellip;]<\/p>\n","protected":false},"author":3,"featured_media":0,"parent":0,"menu_order":0,"comment_status":"closed","ping_status":"closed","template":"","meta":{"ocean_post_layout":"","ocean_both_sidebars_style":"","ocean_both_sidebars_content_width":0,"ocean_both_sidebars_sidebars_width":0,"ocean_sidebar":"0","ocean_second_sidebar":"0","ocean_disable_margins":"enable","ocean_add_body_class":"","ocean_shortcode_before_top_bar":"","ocean_shortcode_after_top_bar":"","ocean_shortcode_before_header":"","ocean_shortcode_after_header":"","ocean_has_shortcode":"","ocean_shortcode_after_title":"","ocean_shortcode_before_footer_widgets":"","ocean_shortcode_after_footer_widgets":"","ocean_shortcode_before_footer_bottom":"","ocean_shortcode_after_footer_bottom":"","ocean_display_top_bar":"default","ocean_display_header":"default","ocean_header_style":"","ocean_center_header_left_menu":"0","ocean_custom_header_template":"0","ocean_custom_logo":0,"ocean_custom_retina_logo":0,"ocean_custom_logo_max_width":0,"ocean_custom_logo_tablet_max_width":0,"ocean_custom_logo_mobile_max_width":0,"ocean_custom_logo_max_height":0,"ocean_custom_logo_tablet_max_height":0,"ocean_custom_logo_mobile_max_height":0,"ocean_header_custom_menu":"0","ocean_menu_typo_font_family":"0","ocean_menu_typo_font_subset":"","ocean_menu_typo_font_size":0,"ocean_menu_typo_font_size_tablet":0,"ocean_menu_typo_font_size_mobile":0,"ocean_menu_typo_font_size_unit":"px","ocean_menu_typo_font_weight":"","ocean_menu_typo_font_weight_tablet":"","ocean_menu_typo_font_weight_mobile":"","ocean_menu_typo_transform":"","ocean_menu_typo_transform_tablet":"","ocean_menu_typo_transform_mobile":"","ocean_menu_typo_line_height":0,"ocean_menu_typo_line_height_tablet":0,"ocean_menu_typo_line_height_mobile":0,"ocean_menu_typo_line_height_unit":"","ocean_menu_typo_spacing":0,"ocean_menu_typo_spacing_tablet":0,"ocean_menu_typo_spacing_mobile":0,"ocean_menu_typo_spacing_unit":"","ocean_menu_link_color":"","ocean_menu_link_color_hover":"","ocean_menu_link_color_active":"","ocean_menu_link_background":"","ocean_menu_link_hover_background":"","ocean_menu_link_active_background":"","ocean_menu_social_links_bg":"","ocean_menu_social_hover_links_bg":"","ocean_menu_social_links_color":"","ocean_menu_social_hover_links_color":"","ocean_disable_title":"default","ocean_disable_heading":"default","ocean_post_title":"","ocean_post_subheading":"","ocean_post_title_style":"","ocean_post_title_background_color":"","ocean_post_title_background":0,"ocean_post_title_bg_image_position":"","ocean_post_title_bg_image_attachment":"","ocean_post_title_bg_image_repeat":"","ocean_post_title_bg_image_size":"","ocean_post_title_height":0,"ocean_post_title_bg_overlay":0.5,"ocean_post_title_bg_overlay_color":"","ocean_disable_breadcrumbs":"default","ocean_breadcrumbs_color":"","ocean_breadcrumbs_separator_color":"","ocean_breadcrumbs_links_color":"","ocean_breadcrumbs_links_hover_color":"","ocean_display_footer_widgets":"default","ocean_display_footer_bottom":"default","ocean_custom_footer_template":"0","footnotes":""},"class_list":["post-22943","page","type-page","status-publish","hentry","entry"],"_links":{"self":[{"href":"https:\/\/lajes.rn.gov.br\/transparente\/index\/wp-json\/wp\/v2\/pages\/22943","targetHints":{"allow":["GET"]}}],"collection":[{"href":"https:\/\/lajes.rn.gov.br\/transparente\/index\/wp-json\/wp\/v2\/pages"}],"about":[{"href":"https:\/\/lajes.rn.gov.br\/transparente\/index\/wp-json\/wp\/v2\/types\/page"}],"author":[{"embeddable":true,"href":"https:\/\/lajes.rn.gov.br\/transparente\/index\/wp-json\/wp\/v2\/users\/3"}],"replies":[{"embeddable":true,"href":"https:\/\/lajes.rn.gov.br\/transparente\/index\/wp-json\/wp\/v2\/comments?post=22943"}],"version-history":[{"count":4,"href":"https:\/\/lajes.rn.gov.br\/transparente\/index\/wp-json\/wp\/v2\/pages\/22943\/revisions"}],"predecessor-version":[{"id":36796,"href":"https:\/\/lajes.rn.gov.br\/transparente\/index\/wp-json\/wp\/v2\/pages\/22943\/revisions\/36796"}],"wp:attachment":[{"href":"https:\/\/lajes.rn.gov.br\/transparente\/index\/wp-json\/wp\/v2\/media?parent=22943"}],"curies":[{"name":"wp","href":"https:\/\/api.w.org\/{rel}","templated":true}]}}

<div align="right">| <strong><a href="/feed" target="_blank" rel="noopener">XML↓</a></strong> | <a href="https://lajes.rn.gov.br/transparente/index/wp-content/uploads/2025/04/export.csv" target="_blank" rel="noopener"> <strong>CSV↓</strong></a> | <a href="?print=pdf" target="_blank" rel="noopener"><strong>PDF</strong>↓</a>  | <a href="?print=print" target="_blank" rel="noopener"><strong>IMPRIMIR</strong>↓</a>  |</div>
<p>&nbsp;</p>
<h3>Sobre o e-SIC</h3>
<p><strong><em>Trata-se do sistema eletrônico do serviço de informação ao cidadão, permite que qualquer pessoa, física ou jurídica encaminhe pedidos de acesso á informação, acompanhe o prazo e receba a resposta da solicitação realizada à entidade. O cidadão ainda pode entrar com recursos e apresentar reclamações sem burocracia.</em></strong></p>
<p>A Lei nº 12.527, sancionada em 18 de novembro de 2011, pelo Presidente da República, Dilma Roussef, regulamenta o direito constitucional de acesso dos cidadãos às informações públicas e é aplicável aos três Poderes da União, dos Estados, do Distrito Federal e dos Municípios, com vigência depois de decorridos 180 (cento e oitenta) dias da publicação. Sua sanção representa mais um importante passo para a consolidação do regime democrático brasileiro e para o fortalecimento das políticas de transparência pública.</p>

<p>| XML↓ |  CSV↓ | PDF↓  | IMPRIMIR↓  | &nbsp; Sobre o e-SIC Trata-se do sistema eletrônico do serviço de informação ao cidadão, permite que qualquer pessoa, física ou jurídica encaminhe pedidos de acesso á informação, acompanhe o prazo e receba a resposta da solicitação realizada à entidade. O cidadão ainda pode entrar com recursos e apresentar reclamações sem burocracia. [&hellip;]</p>
